CRAN Package Check Results for Package httpuv

Last updated on 2022-01-26 10:54:19 CET.

Flavor Version Tinstall Tcheck Ttotal Status Flags
r-devel-linux-x86_64-debian-clang 1.6.5 221.78 48.16 269.94 NOTE
r-devel-linux-x86_64-debian-gcc 1.6.5 156.13 38.60 194.73 NOTE
r-devel-linux-x86_64-fedora-clang 1.6.5 412.74 NOTE
r-devel-linux-x86_64-fedora-gcc 1.6.5 353.64 NOTE
r-devel-windows-x86_64-new-UL 1.6.5 346.00 105.00 451.00 NOTE
r-devel-windows-x86_64-new-TK 1.6.5 NOTE
r-patched-linux-x86_64 1.6.5 184.75 46.07 230.82 NOTE
r-release-linux-x86_64 1.6.5 200.38 46.54 246.92 NOTE
r-release-macos-arm64 1.6.5 NOTE
r-release-macos-x86_64 1.6.5 NOTE
r-release-windows-ix86+x86_64 1.6.5 545.00 105.00 650.00 NOTE
r-oldrel-macos-x86_64 1.6.5 NOTE
r-oldrel-windows-ix86+x86_64 1.6.5 543.00 102.00 645.00 NOTE

Check Details

Version: 1.6.5
Check: for GNU extensions in Makefiles
Result: NOTE
    GNU make is a SystemRequirements.
Flavors: r-devel-linux-x86_64-debian-clang, r-devel-linux-x86_64-debian-gcc, r-devel-linux-x86_64-fedora-clang, r-devel-linux-x86_64-fedora-gcc, r-devel-windows-x86_64-new-UL, r-devel-windows-x86_64-new-TK, r-patched-linux-x86_64, r-release-linux-x86_64, r-release-macos-arm64, r-release-macos-x86_64, r-release-windows-ix86+x86_64, r-oldrel-macos-x86_64, r-oldrel-windows-ix86+x86_64

Version: 1.6.5
Check: installed package size
Result: NOTE
     installed size is 7.8Mb
     sub-directories of 1Mb or more:
     libs 7.4Mb
Flavors: r-devel-linux-x86_64-fedora-clang, r-release-macos-arm64, r-release-macos-x86_64, r-oldrel-macos-x86_64