CRAN Package Check Results for Package hydroscoper

Last updated on 2022-05-17 12:48:56 CEST.

Flavor Version Tinstall Tcheck Ttotal Status Flags
r-devel-linux-x86_64-debian-clang 1.4.1 2.49 49.85 52.34 OK
r-devel-linux-x86_64-debian-gcc 1.4.1 2.45 37.71 40.16 OK
r-devel-linux-x86_64-fedora-clang 1.4.1 64.33 NOTE
r-devel-linux-x86_64-fedora-gcc 1.4.1 60.55 NOTE
r-devel-windows-x86_64 1.4.1 41.00 71.00 112.00 OK
r-patched-linux-x86_64 1.4.1 3.04 47.49 50.53 OK
r-release-linux-x86_64 1.4.1 2.67 46.91 49.58 OK
r-release-macos-arm64 1.4.1 38.00 NOTE
r-release-macos-x86_64 1.4.1 62.00 NOTE
r-release-windows-x86_64 1.4.1 38.00 73.00 111.00 OK
r-oldrel-macos-arm64 1.4.1 40.00 NOTE
r-oldrel-macos-x86_64 1.4.1 48.00 NOTE
r-oldrel-windows-ix86+x86_64 1.4.1 7.00 60.00 67.00 OK

Check Details

Version: 1.4.1
Check: data for non-ASCII characters
Result: NOTE
     Note: found 3026 marked UTF-8 strings
Flavors: r-devel-linux-x86_64-fedora-clang, r-devel-linux-x86_64-fedora-gcc, r-release-macos-arm64, r-release-macos-x86_64, r-oldrel-macos-arm64, r-oldrel-macos-x86_64