Last updated on 2022-05-22 05:53:10 CEST.
Flavor | Version | Tinstall | Tcheck | Ttotal | Status | Flags |
---|---|---|---|---|---|---|
r-devel-linux-x86_64-debian-clang | 0.0.2 | 3.64 | 53.45 | 57.09 | OK | |
r-devel-linux-x86_64-debian-gcc | 0.0.2 | 3.00 | 40.27 | 43.27 | OK | |
r-devel-linux-x86_64-fedora-clang | 0.0.2 | 69.91 | NOTE | |||
r-devel-linux-x86_64-fedora-gcc | 0.0.2 | 65.29 | NOTE | |||
r-devel-windows-x86_64 | 0.0.2 | 25.00 | 78.00 | 103.00 | OK | |
r-patched-linux-x86_64 | 0.0.2 | 3.44 | 52.01 | 55.45 | OK | |
r-release-linux-x86_64 | 0.0.2 | 3.66 | 50.32 | 53.98 | OK | |
r-release-macos-arm64 | 0.0.2 | 24.00 | NOTE | |||
r-release-macos-x86_64 | 0.0.2 | 34.00 | NOTE | |||
r-release-windows-x86_64 | 0.0.2 | 18.00 | 76.00 | 94.00 | OK | |
r-oldrel-macos-arm64 | 0.0.2 | 26.00 | NOTE | |||
r-oldrel-macos-x86_64 | 0.0.2 | 44.00 | NOTE | |||
r-oldrel-windows-ix86+x86_64 | 0.0.2 | 9.00 | 64.00 | 73.00 | OK |
Version: 0.0.2
Check: data for non-ASCII characters
Result: NOTE
Note: found 26215 marked UTF-8 strings
Flavors: r-devel-linux-x86_64-fedora-clang, r-devel-linux-x86_64-fedora-gcc, r-release-macos-arm64, r-release-macos-x86_64, r-oldrel-macos-arm64, r-oldrel-macos-x86_64