CRAN Package Check Results for Package iAR

Last updated on 2022-05-21 15:49:56 CEST.

Flavor Version Tinstall Tcheck Ttotal Status Flags
r-devel-linux-x86_64-debian-clang 1.0.1 219.01 81.85 300.86 OK
r-devel-linux-x86_64-debian-gcc 1.0.1 172.34 61.11 233.45 OK
r-devel-linux-x86_64-fedora-clang 1.0.1 478.08 NOTE
r-devel-linux-x86_64-fedora-gcc 1.0.1 392.22 OK
r-devel-windows-x86_64 1.0.1 164.00 129.00 293.00 OK
r-patched-linux-x86_64 1.0.1 190.58 77.11 267.69 OK
r-release-linux-x86_64 1.0.1 183.82 76.57 260.39 OK
r-release-macos-arm64 1.0.1 96.00 NOTE
r-release-macos-x86_64 1.0.1 123.00 NOTE
r-release-windows-x86_64 1.0.1 164.00 127.00 291.00 OK
r-oldrel-macos-arm64 1.0.1 77.00 NOTE
r-oldrel-macos-x86_64 1.0.1 120.00 NOTE
r-oldrel-windows-ix86+x86_64 1.0.1 543.00 143.00 686.00 OK

Check Details

Version: 1.0.1
Check: installed package size
Result: NOTE
     installed size is 6.3Mb
     sub-directories of 1Mb or more:
     libs 6.0Mb
Flavors: r-devel-linux-x86_64-fedora-clang, r-release-macos-arm64, r-release-macos-x86_64, r-oldrel-macos-arm64, r-oldrel-macos-x86_64