CRAN Package Check Results for Package ibb

Last updated on 2024-05-23 00:59:10 CEST.

Flavor Version Tinstall Tcheck Ttotal Status Flags
r-devel-linux-x86_64-debian-clang 0.0.2 2.64 31.29 33.93 OK
r-devel-linux-x86_64-debian-gcc 0.0.2 2.56 24.75 27.31 OK
r-devel-linux-x86_64-fedora-clang 0.0.2 43.65 NOTE
r-devel-linux-x86_64-fedora-gcc 0.0.2 41.52 NOTE
r-devel-windows-x86_64 0.0.2 4.00 49.00 53.00 OK
r-patched-linux-x86_64 0.0.2 2.30 30.43 32.73 OK
r-release-linux-x86_64 0.0.2 2.47 30.44 32.91 OK
r-release-macos-arm64 0.0.2 19.00 OK
r-release-windows-x86_64 0.0.2 5.00 48.00 53.00 OK
r-oldrel-macos-arm64 0.0.2 25.00 OK
r-oldrel-macos-x86_64 0.0.2 26.00 OK
r-oldrel-windows-x86_64 0.0.2 5.00 53.00 58.00 OK

Check Details

Version: 0.0.2
Check: data for non-ASCII characters
Result: NOTE Note: found 359 marked UTF-8 strings Flavors: r-devel-linux-x86_64-fedora-clang, r-devel-linux-x86_64-fedora-gcc