CRAN Package Check Results for Package ibmAcousticR

Last updated on 2023-01-28 17:51:13 CET.

Flavor Version Tinstall Tcheck Ttotal Status Flags
r-devel-linux-x86_64-debian-clang 0.2.1 3.20 30.32 33.52 NOTE
r-devel-linux-x86_64-debian-gcc 0.2.1 2.64 23.97 26.61 NOTE
r-devel-linux-x86_64-fedora-clang 0.2.1 41.72 NOTE
r-devel-linux-x86_64-fedora-gcc 0.2.1 40.87 NOTE
r-devel-windows-x86_64 0.2.1 17.00 58.00 75.00 NOTE
r-patched-linux-x86_64 0.2.1 2.42 30.88 33.30 NOTE
r-release-linux-x86_64 0.2.1 2.88 30.56 33.44 NOTE
r-release-macos-arm64 0.2.1 19.00 NOTE
r-release-macos-x86_64 0.2.1 24.00 NOTE
r-release-windows-x86_64 0.2.1 18.00 59.00 77.00 NOTE
r-oldrel-macos-arm64 0.2.1 20.00 NOTE
r-oldrel-macos-x86_64 0.2.1 30.00 NOTE
r-oldrel-windows-ix86+x86_64 0.2.1 9.00 56.00 65.00 NOTE

Check Details

Version: 0.2.1
Check: LazyData
Result: NOTE
     'LazyData' is specified without a 'data' directory
Flavors: r-devel-linux-x86_64-debian-clang, r-devel-linux-x86_64-debian-gcc, r-devel-linux-x86_64-fedora-clang, r-devel-linux-x86_64-fedora-gcc, r-devel-windows-x86_64, r-patched-linux-x86_64, r-release-linux-x86_64, r-release-macos-arm64, r-release-macos-x86_64, r-release-windows-x86_64, r-oldrel-macos-arm64, r-oldrel-macos-x86_64, r-oldrel-windows-ix86+x86_64