Last updated on 2022-05-29 09:52:48 CEST.
Flavor | Version | Tinstall | Tcheck | Ttotal | Status | Flags |
---|---|---|---|---|---|---|
r-devel-linux-x86_64-debian-clang | 2.0.8 | 38.76 | 166.45 | 205.21 | OK | |
r-devel-linux-x86_64-debian-gcc | 2.0.8 | 30.92 | 121.12 | 152.04 | OK | |
r-devel-linux-x86_64-fedora-clang | 2.0.8 | 258.51 | OK | |||
r-devel-linux-x86_64-fedora-gcc | 2.0.8 | 249.59 | OK | |||
r-devel-windows-x86_64 | 2.0.8 | 227.00 | 166.00 | 393.00 | OK | |
r-patched-linux-x86_64 | 2.0.8 | 33.10 | 157.56 | 190.66 | OK | |
r-release-linux-x86_64 | 2.0.8 | 31.23 | 155.34 | 186.57 | OK | |
r-release-macos-arm64 | 2.0.8 | 57.00 | NOTE | |||
r-release-macos-x86_64 | 2.0.8 | 126.00 | OK | |||
r-release-windows-x86_64 | 2.0.8 | 249.00 | 171.00 | 420.00 | OK | |
r-oldrel-macos-arm64 | 2.0.8 | 57.00 | OK | |||
r-oldrel-macos-x86_64 | 2.0.8 | 88.00 | OK | |||
r-oldrel-windows-ix86+x86_64 | 2.0.8 | 64.00 | 169.00 | 233.00 | OK |
Version: 2.0.8
Check: package dependencies
Result: NOTE
Packages suggested but not available for checking: 'ggtree', 'treeio'
Flavor: r-release-macos-arm64