CRAN Package Check Results for Package iemiscdata

Last updated on 2024-05-20 06:51:54 CEST.

Flavor Version Tinstall Tcheck Ttotal Status Flags
r-devel-linux-x86_64-debian-clang 1.0.1 6.20 181.13 187.33 ERROR
r-devel-linux-x86_64-debian-gcc 1.0.1 5.22 138.42 143.64 ERROR
r-devel-linux-x86_64-fedora-clang 1.0.1 242.65 ERROR
r-devel-linux-x86_64-fedora-gcc 1.0.1 251.34 ERROR
r-devel-windows-x86_64 1.0.1 6.00 273.00 279.00 ERROR
r-patched-linux-x86_64 1.0.1 6.51 184.80 191.31 OK
r-release-linux-x86_64 1.0.1 5.96 176.47 182.43 ERROR
r-release-macos-arm64 1.0.1 72.00 ERROR
r-release-windows-x86_64 1.0.1 7.00 116376.00 116383.00 FAIL
r-oldrel-macos-arm64 1.0.1 115.00 OK
r-oldrel-macos-x86_64 1.0.1 182.00 OK
r-oldrel-windows-x86_64 1.0.1 7.00 282.00 289.00 ERROR

Check Details

Version: 1.0.1
Check: re-building of vignette outputs
Result: ERROR Error(s) in re-building vignettes: ... --- re-building ‘East-Palestine-Ohio_Norfolk-Southern-Train-32N-Cargo_Chemical-Databases.Rmd’ using rmarkdown Warning in eng_r(options) : Failed to tidy R code in chunk 'unnamed-chunk-1'. Reason: Error : The formatR package is required by the chunk option tidy = TRUE but not installed; tidy = TRUE will be ignored. --- finished re-building ‘East-Palestine-Ohio_Norfolk-Southern-Train-32N-Cargo_Chemical-Databases.Rmd’ --- re-building ‘Mannings-n-examples.Rmd’ using rmarkdown Warning in eng_r(options) : Failed to tidy R code in chunk 'unnamed-chunk-1'. Reason: Error : The formatR package is required by the chunk option tidy = TRUE but not installed; tidy = TRUE will be ignored. Warning in eng_r(options) : Failed to tidy R code in chunk 'unnamed-chunk-2'. Reason: Error : The formatR package is required by the chunk option tidy = TRUE but not installed; tidy = TRUE will be ignored. Warning in eng_r(options) : Failed to tidy R code in chunk 'unnamed-chunk-3'. Reason: Error : The formatR package is required by the chunk option tidy = TRUE but not installed; tidy = TRUE will be ignored. Warning in eng_r(options) : Failed to tidy R code in chunk 'unnamed-chunk-4'. Reason: Error : The formatR package is required by the chunk option tidy = TRUE but not installed; tidy = TRUE will be ignored. Warning in eng_r(options) : Failed to tidy R code in chunk 'unnamed-chunk-5'. Reason: Error : The formatR package is required by the chunk option tidy = TRUE but not installed; tidy = TRUE will be ignored. Warning in eng_r(options) : Failed to tidy R code in chunk 'unnamed-chunk-6'. Reason: Error : The formatR package is required by the chunk option tidy = TRUE but not installed; tidy = TRUE will be ignored. Warning in eng_r(options) : Failed to tidy R code in chunk 'unnamed-chunk-7'. Reason: Error : The formatR package is required by the chunk option tidy = TRUE but not installed; tidy = TRUE will be ignored. --- finished re-building ‘Mannings-n-examples.Rmd’ --- re-building ‘TN_ExceptionalMap.Rmd’ using rmarkdown Warning in eng_r(options) : Failed to tidy R code in chunk 'unnamed-chunk-1'. Reason: Error : The formatR package is required by the chunk option tidy = TRUE but not installed; tidy = TRUE will be ignored. --- finished re-building ‘TN_ExceptionalMap.Rmd’ --- re-building ‘Tables_with_Notes.Rmd’ using rmarkdown Warning in eng_r(options) : Failed to tidy R code in chunk 'unnamed-chunk-1'. Reason: Error : The formatR package is required by the chunk option tidy = TRUE but not installed; tidy = TRUE will be ignored. Warning in eng_r(options) : Failed to tidy R code in chunk 'unnamed-chunk-2'. Reason: Error : The formatR package is required by the chunk option tidy = TRUE but not installed; tidy = TRUE will be ignored. Warning in eng_r(options) : Failed to tidy R code in chunk 'unnamed-chunk-3'. Reason: Error : The formatR package is required by the chunk option tidy = TRUE but not installed; tidy = TRUE will be ignored. Warning in eng_r(options) : Failed to tidy R code in chunk 'unnamed-chunk-4'. Reason: Error : The formatR package is required by the chunk option tidy = TRUE but not installed; tidy = TRUE will be ignored. Warning in eng_r(options) : Failed to tidy R code in chunk 'unnamed-chunk-5'. Reason: Error : The formatR package is required by the chunk option tidy = TRUE but not installed; tidy = TRUE will be ignored. Warning in eng_r(options) : Failed to tidy R code in chunk 'unnamed-chunk-6'. Reason: Error : The formatR package is required by the chunk option tidy = TRUE but not installed; tidy = TRUE will be ignored. Quitting from lines 108-118 [unnamed-chunk-6] (Tables_with_Notes.Rmd) Error: processing vignette 'Tables_with_Notes.Rmd' failed with diagnostics: argument is of length zero --- failed re-building ‘Tables_with_Notes.Rmd’ --- re-building ‘US_Locations_Fukushima_Radiation_Sampled_2011.Rmd’ using rmarkdown Warning in eng_r(options) : Failed to tidy R code in chunk 'unnamed-chunk-1'. Reason: Error : The formatR package is required by the chunk option tidy = TRUE but not installed; tidy = TRUE will be ignored. --- finished re-building ‘US_Locations_Fukushima_Radiation_Sampled_2011.Rmd’ --- re-building ‘View-PDF-table.Rmd’ using rmarkdown --- finished re-building ‘View-PDF-table.Rmd’ --- re-building ‘Weighted_CN-and-Composite_CN_Examples.Rmd’ using rmarkdown Warning in eng_r(options) : Failed to tidy R code in chunk 'unnamed-chunk-1'. Reason: Error : The formatR package is required by the chunk option tidy = TRUE but not installed; tidy = TRUE will be ignored. Warning in eng_r(options) : Failed to tidy R code in chunk 'unnamed-chunk-2'. Reason: Error : The formatR package is required by the chunk option tidy = TRUE but not installed; tidy = TRUE will be ignored. Warning in eng_r(options) : Failed to tidy R code in chunk 'unnamed-chunk-3'. Reason: Error : The formatR package is required by the chunk option tidy = TRUE but not installed; tidy = TRUE will be ignored. Warning in eng_r(options) : Failed to tidy R code in chunk 'unnamed-chunk-4'. Reason: Error : The formatR package is required by the chunk option tidy = TRUE but not installed; tidy = TRUE will be ignored. --- finished re-building ‘Weighted_CN-and-Composite_CN_Examples.Rmd’ SUMMARY: processing the following file failed: ‘Tables_with_Notes.Rmd’ Error: Vignette re-building failed. Execution halted Flavors: r-devel-linux-x86_64-debian-clang, r-devel-linux-x86_64-debian-gcc, r-release-linux-x86_64

Version: 1.0.1
Check: data for non-ASCII characters
Result: NOTE Note: found 366 marked UTF-8 strings Flavors: r-devel-linux-x86_64-fedora-clang, r-devel-linux-x86_64-fedora-gcc

Version: 1.0.1
Check: re-building of vignette outputs
Result: ERROR Error(s) in re-building vignettes: --- re-building ‘East-Palestine-Ohio_Norfolk-Southern-Train-32N-Cargo_Chemical-Databases.Rmd’ using rmarkdown Warning in eng_r(options) : Failed to tidy R code in chunk 'unnamed-chunk-1'. Reason: Error : The formatR package is required by the chunk option tidy = TRUE but not installed; tidy = TRUE will be ignored. --- finished re-building ‘East-Palestine-Ohio_Norfolk-Southern-Train-32N-Cargo_Chemical-Databases.Rmd’ --- re-building ‘Mannings-n-examples.Rmd’ using rmarkdown Warning in eng_r(options) : Failed to tidy R code in chunk 'unnamed-chunk-1'. Reason: Error : The formatR package is required by the chunk option tidy = TRUE but not installed; tidy = TRUE will be ignored. Warning in eng_r(options) : Failed to tidy R code in chunk 'unnamed-chunk-2'. Reason: Error : The formatR package is required by the chunk option tidy = TRUE but not installed; tidy = TRUE will be ignored. Warning in eng_r(options) : Failed to tidy R code in chunk 'unnamed-chunk-3'. Reason: Error : The formatR package is required by the chunk option tidy = TRUE but not installed; tidy = TRUE will be ignored. Warning in eng_r(options) : Failed to tidy R code in chunk 'unnamed-chunk-4'. Reason: Error : The formatR package is required by the chunk option tidy = TRUE but not installed; tidy = TRUE will be ignored. Warning in eng_r(options) : Failed to tidy R code in chunk 'unnamed-chunk-5'. Reason: Error : The formatR package is required by the chunk option tidy = TRUE but not installed; tidy = TRUE will be ignored. Warning in eng_r(options) : Failed to tidy R code in chunk 'unnamed-chunk-6'. Reason: Error : The formatR package is required by the chunk option tidy = TRUE but not installed; tidy = TRUE will be ignored. Warning in eng_r(options) : Failed to tidy R code in chunk 'unnamed-chunk-7'. Reason: Error : The formatR package is required by the chunk option tidy = TRUE but not installed; tidy = TRUE will be ignored. --- finished re-building ‘Mannings-n-examples.Rmd’ --- re-building ‘TN_ExceptionalMap.Rmd’ using rmarkdown Warning in eng_r(options) : Failed to tidy R code in chunk 'unnamed-chunk-1'. Reason: Error : The formatR package is required by the chunk option tidy = TRUE but not installed; tidy = TRUE will be ignored. --- finished re-building ‘TN_ExceptionalMap.Rmd’ --- re-building ‘Tables_with_Notes.Rmd’ using rmarkdown Warning in eng_r(options) : Failed to tidy R code in chunk 'unnamed-chunk-1'. Reason: Error : The formatR package is required by the chunk option tidy = TRUE but not installed; tidy = TRUE will be ignored. Warning in eng_r(options) : Failed to tidy R code in chunk 'unnamed-chunk-2'. Reason: Error : The formatR package is required by the chunk option tidy = TRUE but not installed; tidy = TRUE will be ignored. Warning in eng_r(options) : Failed to tidy R code in chunk 'unnamed-chunk-3'. Reason: Error : The formatR package is required by the chunk option tidy = TRUE but not installed; tidy = TRUE will be ignored. Warning in eng_r(options) : Failed to tidy R code in chunk 'unnamed-chunk-4'. Reason: Error : The formatR package is required by the chunk option tidy = TRUE but not installed; tidy = TRUE will be ignored. Warning in eng_r(options) : Failed to tidy R code in chunk 'unnamed-chunk-5'. Reason: Error : The formatR package is required by the chunk option tidy = TRUE but not installed; tidy = TRUE will be ignored. Warning in eng_r(options) : Failed to tidy R code in chunk 'unnamed-chunk-6'. Reason: Error : The formatR package is required by the chunk option tidy = TRUE but not installed; tidy = TRUE will be ignored. Quitting from lines 108-118 [unnamed-chunk-6] (Tables_with_Notes.Rmd) Error: processing vignette 'Tables_with_Notes.Rmd' failed with diagnostics: argument is of length zero --- failed re-building ‘Tables_with_Notes.Rmd’ --- re-building ‘US_Locations_Fukushima_Radiation_Sampled_2011.Rmd’ using rmarkdown Warning in eng_r(options) : Failed to tidy R code in chunk 'unnamed-chunk-1'. Reason: Error : The formatR package is required by the chunk option tidy = TRUE but not installed; tidy = TRUE will be ignored. --- finished re-building ‘US_Locations_Fukushima_Radiation_Sampled_2011.Rmd’ --- re-building ‘View-PDF-table.Rmd’ using rmarkdown --- finished re-building ‘View-PDF-table.Rmd’ --- re-building ‘Weighted_CN-and-Composite_CN_Examples.Rmd’ using rmarkdown Warning in eng_r(options) : Failed to tidy R code in chunk 'unnamed-chunk-1'. Reason: Error : The formatR package is required by the chunk option tidy = TRUE but not installed; tidy = TRUE will be ignored. Warning in eng_r(options) : Failed to tidy R code in chunk 'unnamed-chunk-2'. Reason: Error : The formatR package is required by the chunk option tidy = TRUE but not installed; tidy = TRUE will be ignored. Warning in eng_r(options) : Failed to tidy R code in chunk 'unnamed-chunk-3'. Reason: Error : The formatR package is required by the chunk option tidy = TRUE but not installed; tidy = TRUE will be ignored. Warning in eng_r(options) : Failed to tidy R code in chunk 'unnamed-chunk-4'. Reason: Error : The formatR package is required by the chunk option tidy = TRUE but not installed; tidy = TRUE will be ignored. --- finished re-building ‘Weighted_CN-and-Composite_CN_Examples.Rmd’ SUMMARY: processing the following file failed: ‘Tables_with_Notes.Rmd’ Error: Vignette re-building failed. Execution halted Flavors: r-devel-linux-x86_64-fedora-clang, r-devel-windows-x86_64, r-oldrel-windows-x86_64

Version: 1.0.1
Check: re-building of vignette outputs
Result: ERROR Error(s) in re-building vignettes: --- re-building ‘East-Palestine-Ohio_Norfolk-Southern-Train-32N-Cargo_Chemical-Databases.Rmd’ using rmarkdown --- finished re-building ‘East-Palestine-Ohio_Norfolk-Southern-Train-32N-Cargo_Chemical-Databases.Rmd’ --- re-building ‘Mannings-n-examples.Rmd’ using rmarkdown --- finished re-building ‘Mannings-n-examples.Rmd’ --- re-building ‘TN_ExceptionalMap.Rmd’ using rmarkdown --- finished re-building ‘TN_ExceptionalMap.Rmd’ --- re-building ‘Tables_with_Notes.Rmd’ using rmarkdown Quitting from lines 108-118 [unnamed-chunk-6] (Tables_with_Notes.Rmd) Error: processing vignette 'Tables_with_Notes.Rmd' failed with diagnostics: argument is of length zero --- failed re-building ‘Tables_with_Notes.Rmd’ --- re-building ‘US_Locations_Fukushima_Radiation_Sampled_2011.Rmd’ using rmarkdown --- finished re-building ‘US_Locations_Fukushima_Radiation_Sampled_2011.Rmd’ --- re-building ‘View-PDF-table.Rmd’ using rmarkdown --- finished re-building ‘View-PDF-table.Rmd’ --- re-building ‘Weighted_CN-and-Composite_CN_Examples.Rmd’ using rmarkdown --- finished re-building ‘Weighted_CN-and-Composite_CN_Examples.Rmd’ SUMMARY: processing the following file failed: ‘Tables_with_Notes.Rmd’ Error: Vignette re-building failed. Execution halted Flavor: r-devel-linux-x86_64-fedora-gcc

Version: 1.0.1
Check: re-building of vignette outputs
Result: ERROR Error(s) in re-building vignettes: --- re-building ‘East-Palestine-Ohio_Norfolk-Southern-Train-32N-Cargo_Chemical-Databases.Rmd’ using rmarkdown --- finished re-building ‘East-Palestine-Ohio_Norfolk-Southern-Train-32N-Cargo_Chemical-Databases.Rmd’ --- re-building ‘Mannings-n-examples.Rmd’ using rmarkdown --- finished re-building ‘Mannings-n-examples.Rmd’ --- re-building ‘TN_ExceptionalMap.Rmd’ using rmarkdown Quitting from lines 23-90 [unnamed-chunk-1] (TN_ExceptionalMap.Rmd) Error: processing vignette 'TN_ExceptionalMap.Rmd' failed with diagnostics: could not find function "lat_long2state" --- failed re-building ‘TN_ExceptionalMap.Rmd’ --- re-building ‘Tables_with_Notes.Rmd’ using rmarkdown --- finished re-building ‘Tables_with_Notes.Rmd’ --- re-building ‘US_Locations_Fukushima_Radiation_Sampled_2011.Rmd’ using rmarkdown --- finished re-building ‘US_Locations_Fukushima_Radiation_Sampled_2011.Rmd’ --- re-building ‘View-PDF-table.Rmd’ using rmarkdown --- finished re-building ‘View-PDF-table.Rmd’ --- re-building ‘Weighted_CN-and-Composite_CN_Examples.Rmd’ using rmarkdown --- finished re-building ‘Weighted_CN-and-Composite_CN_Examples.Rmd’ SUMMARY: processing the following file failed: ‘TN_ExceptionalMap.Rmd’ Error: Vignette re-building failed. Execution halted Flavor: r-release-macos-arm64

Version: 1.0.1
Check: re-building of vignette outputs
Result: FAIL
Flavor: r-release-windows-x86_64