CRAN Package Check Results for Package igraph

Last updated on 2022-01-28 19:50:58 CET.

Flavor Version Tinstall Tcheck Ttotal Status Flags
r-devel-linux-x86_64-debian-clang 1.2.11 207.31 307.07 514.38 OK
r-devel-linux-x86_64-debian-gcc 1.2.11 162.49 231.43 393.92 OK
r-devel-linux-x86_64-fedora-clang 1.2.11 673.78 NOTE
r-devel-linux-x86_64-fedora-gcc 1.2.11 625.84 OK
r-devel-windows-x86_64-new-UL 1.2.11 1000.00 503.00 1503.00 NOTE
r-devel-windows-x86_64-new-TK 1.2.11 OK
r-patched-linux-x86_64 1.2.11 185.28 301.60 486.88 OK
r-release-linux-x86_64 1.2.11 169.87 298.52 468.39 OK
r-release-macos-arm64 1.2.11 NOTE
r-release-macos-x86_64 1.2.11 NOTE
r-release-windows-ix86+x86_64 1.2.11 576.00 678.00 1254.00 NOTE
r-oldrel-macos-x86_64 1.2.11 NOTE
r-oldrel-windows-ix86+x86_64 1.2.11 579.00 706.00 1285.00 NOTE

Check Details

Version: 1.2.11
Check: installed package size
Result: NOTE
     installed size is 15.9Mb
     sub-directories of 1Mb or more:
     R 1.4Mb
     help 1.1Mb
     libs 12.9Mb
Flavors: r-devel-linux-x86_64-fedora-clang, r-devel-windows-x86_64-new-UL, r-release-macos-arm64, r-release-macos-x86_64, r-release-windows-ix86+x86_64, r-oldrel-macos-x86_64, r-oldrel-windows-ix86+x86_64