CRAN Package Check Results for Package igraphtosonia

Last updated on 2022-05-24 09:52:20 CEST.

Flavor Version Tinstall Tcheck Ttotal Status Flags
r-devel-linux-x86_64-debian-clang 1.0 2.26 34.28 36.54 NOTE
r-devel-linux-x86_64-debian-gcc 1.0 1.87 27.15 29.02 NOTE
r-devel-linux-x86_64-fedora-clang 1.0 45.81 NOTE
r-devel-linux-x86_64-fedora-gcc 1.0 43.23 NOTE
r-devel-windows-x86_64 1.0 21.00 56.00 77.00 NOTE
r-patched-linux-x86_64 1.0 2.24 33.62 35.86 NOTE
r-release-linux-x86_64 1.0 NOTE
r-release-macos-arm64 1.0 19.00 NOTE
r-release-macos-x86_64 1.0 25.00 NOTE
r-release-windows-x86_64 1.0 16.00 50.00 66.00 NOTE
r-oldrel-macos-arm64 1.0 26.00 NOTE
r-oldrel-macos-x86_64 1.0 30.00 NOTE
r-oldrel-windows-ix86+x86_64 1.0 5.00 40.00 45.00 NOTE

Check Details

Version: 1.0
Check: DESCRIPTION meta-information
Result: NOTE
    Malformed Description field: should contain one or more complete sentences.
Flavors: r-devel-linux-x86_64-debian-clang, r-devel-linux-x86_64-debian-gcc, r-devel-linux-x86_64-fedora-clang, r-devel-linux-x86_64-fedora-gcc, r-devel-windows-x86_64, r-patched-linux-x86_64, r-release-linux-x86_64, r-release-macos-arm64, r-release-macos-x86_64, r-release-windows-x86_64, r-oldrel-macos-arm64, r-oldrel-macos-x86_64, r-oldrel-windows-ix86+x86_64