CRAN Package Check Results for Package imgrec

Last updated on 2022-05-17 12:48:57 CEST.

Flavor Version Tinstall Tcheck Ttotal Status Flags
r-devel-linux-x86_64-debian-clang 0.1.3 5.01 62.38 67.39 OK
r-devel-linux-x86_64-debian-gcc 0.1.3 3.93 47.01 50.94 OK
r-devel-linux-x86_64-fedora-clang 0.1.3 82.30 NOTE
r-devel-linux-x86_64-fedora-gcc 0.1.3 79.12 NOTE
r-devel-windows-x86_64 0.1.3 20.00 81.00 101.00 OK
r-patched-linux-x86_64 0.1.3 6.34 59.61 65.95 OK
r-release-linux-x86_64 0.1.3 5.55 58.21 63.76 OK
r-release-macos-arm64 0.1.3 26.00 NOTE
r-release-macos-x86_64 0.1.3 43.00 NOTE
r-release-windows-x86_64 0.1.3 19.00 105.00 124.00 OK
r-oldrel-macos-arm64 0.1.3 28.00 NOTE
r-oldrel-macos-x86_64 0.1.3 34.00 NOTE
r-oldrel-windows-ix86+x86_64 0.1.3 15.00 74.00 89.00 OK

Check Details

Version: 0.1.3
Check: dependencies in R code
Result: NOTE
    Namespace in Imports field not imported from: ‘knitr’
     All declared Imports should be used.
Flavors: r-devel-linux-x86_64-fedora-clang, r-devel-linux-x86_64-fedora-gcc, r-release-macos-arm64, r-release-macos-x86_64, r-oldrel-macos-arm64, r-oldrel-macos-x86_64