Last updated on 2022-05-29 13:51:17 CEST.
Flavor | Version | Tinstall | Tcheck | Ttotal | Status | Flags |
---|---|---|---|---|---|---|
r-devel-linux-x86_64-debian-clang | 0.4.0 | 31.76 | 77.63 | 109.39 | NOTE | |
r-devel-linux-x86_64-debian-gcc | 0.4.0 | 22.71 | 58.53 | 81.24 | NOTE | |
r-devel-linux-x86_64-fedora-clang | 0.4.0 | 135.64 | NOTE | |||
r-devel-linux-x86_64-fedora-gcc | 0.4.0 | 115.98 | NOTE | |||
r-devel-windows-x86_64 | 0.4.0 | 48.00 | 108.00 | 156.00 | NOTE | |
r-patched-linux-x86_64 | 0.4.0 | 24.97 | 72.17 | 97.14 | NOTE | |
r-release-linux-x86_64 | 0.4.0 | 17.99 | 72.81 | 90.80 | NOTE | |
r-release-macos-arm64 | 0.4.0 | 35.00 | NOTE | |||
r-release-macos-x86_64 | 0.4.0 | 60.00 | NOTE | |||
r-release-windows-x86_64 | 0.4.0 | 46.00 | 113.00 | 159.00 | NOTE | |
r-oldrel-macos-arm64 | 0.4.0 | 34.00 | NOTE | |||
r-oldrel-macos-x86_64 | 0.4.0 | 45.00 | NOTE | |||
r-oldrel-windows-ix86+x86_64 | 0.4.0 | 74.00 | 132.00 | 206.00 | NOTE |
Version: 0.4.0
Check: package dependencies
Result: NOTE
Package suggested but not available for checking: 'accdata'
Flavors: r-devel-linux-x86_64-debian-clang, r-devel-linux-x86_64-debian-gcc, r-devel-linux-x86_64-fedora-clang, r-devel-linux-x86_64-fedora-gcc, r-devel-windows-x86_64, r-patched-linux-x86_64, r-release-linux-x86_64, r-release-macos-arm64, r-release-macos-x86_64, r-release-windows-x86_64, r-oldrel-macos-arm64, r-oldrel-macos-x86_64, r-oldrel-windows-ix86+x86_64