CRAN Package Check Results for Package inca

Last updated on 2023-01-31 22:58:09 CET.

Flavor Version Tinstall Tcheck Ttotal Status Flags
r-devel-linux-x86_64-debian-clang 0.0.4 47.41 62.84 110.25 NOTE
r-devel-linux-x86_64-debian-gcc 0.0.4 34.93 53.43 88.36 NOTE
r-devel-linux-x86_64-fedora-clang 0.0.4 156.68 NOTE
r-devel-linux-x86_64-fedora-gcc 0.0.4 157.64 NOTE
r-devel-windows-x86_64 0.0.4 50.00 118.00 168.00 NOTE
r-patched-linux-x86_64 0.0.4 40.13 67.65 107.78 OK
r-release-linux-x86_64 0.0.4 35.69 71.12 106.81 OK
r-release-macos-arm64 0.0.4 43.00 OK
r-release-macos-x86_64 0.0.4 59.00 NOTE
r-release-windows-x86_64 0.0.4 37.00 122.00 159.00 OK
r-oldrel-macos-arm64 0.0.4 45.00 NOTE
r-oldrel-macos-x86_64 0.0.4 85.00 OK
r-oldrel-windows-ix86+x86_64 0.0.4 96.00 136.00 232.00 OK

Check Details

Version: 0.0.4
Check: C++ specification
Result: NOTE
     Specified C++11: please update to current default of C++17
Flavors: r-devel-linux-x86_64-debian-clang, r-devel-linux-x86_64-debian-gcc, r-devel-linux-x86_64-fedora-clang, r-devel-linux-x86_64-fedora-gcc, r-devel-windows-x86_64

Version: 0.0.4
Check: installed package size
Result: NOTE
     installed size is 5.0Mb
     sub-directories of 1Mb or more:
     libs 4.9Mb
Flavors: r-release-macos-x86_64, r-oldrel-macos-arm64