Last updated on 2022-05-23 12:55:06 CEST.
Flavor | Version | Tinstall | Tcheck | Ttotal | Status | Flags |
---|---|---|---|---|---|---|
r-devel-linux-x86_64-debian-clang | 2.5.2 | 24.89 | 213.32 | 238.21 | NOTE | |
r-devel-linux-x86_64-debian-gcc | 2.5.2 | 19.79 | 160.86 | 180.65 | NOTE | |
r-devel-linux-x86_64-fedora-clang | 2.5.2 | 378.35 | OK | |||
r-devel-linux-x86_64-fedora-gcc | 2.5.2 | 369.78 | OK | |||
r-devel-windows-x86_64 | 2.5.2 | 80.00 | 262.00 | 342.00 | NOTE | |
r-patched-linux-x86_64 | 2.5.2 | 23.35 | 11.97 | 35.32 | FAIL | |
r-release-linux-x86_64 | 2.5.2 | NOTE | ||||
r-release-macos-arm64 | 2.5.2 | 71.00 | NOTE | |||
r-release-macos-x86_64 | 2.5.2 | 98.00 | NOTE | |||
r-release-windows-x86_64 | 2.5.2 | 113.00 | 284.00 | 397.00 | NOTE | |
r-oldrel-macos-arm64 | 2.5.2 | 71.00 | NOTE | |||
r-oldrel-macos-x86_64 | 2.5.2 | 101.00 | NOTE | |||
r-oldrel-windows-ix86+x86_64 | 2.5.2 | 38.00 | 235.00 | 273.00 | OK |
Version: 2.5.2
Check: package dependencies
Result: NOTE
Package suggested but not available for checking: 'INLA'
Flavors: r-devel-linux-x86_64-debian-clang, r-devel-linux-x86_64-debian-gcc, r-devel-windows-x86_64, r-release-linux-x86_64, r-release-macos-arm64, r-release-macos-x86_64, r-release-windows-x86_64, r-oldrel-macos-arm64, r-oldrel-macos-x86_64
Version: 2.5.2
Check: package dependencies
Result: FAIL
Flavor: r-patched-linux-x86_64