CRAN Package Check Results for Package inldata

Last updated on 2022-05-23 21:53:14 CEST.

Flavor Version Tinstall Tcheck Ttotal Status Flags
r-devel-linux-x86_64-debian-clang 1.0.3 18.29 79.97 98.26 OK
r-devel-linux-x86_64-debian-gcc 1.0.3 15.37 61.56 76.93 OK
r-devel-linux-x86_64-fedora-clang 1.0.3 115.38 NOTE
r-devel-linux-x86_64-fedora-gcc 1.0.3 115.19 NOTE
r-devel-windows-x86_64 1.0.3 32.00 104.00 136.00 OK
r-patched-linux-x86_64 1.0.3 17.14 77.89 95.03 OK
r-release-linux-x86_64 1.0.3 OK
r-release-macos-arm64 1.0.3 40.00 NOTE
r-release-macos-x86_64 1.0.3 52.00 NOTE
r-release-windows-x86_64 1.0.3 29.00 104.00 133.00 OK
r-oldrel-macos-arm64 1.0.3 38.00 NOTE
r-oldrel-macos-x86_64 1.0.3 68.00 NOTE
r-oldrel-windows-ix86+x86_64 1.0.3 25.00 112.00 137.00 OK

Check Details

Version: 1.0.3
Check: dependencies in R code
Result: NOTE
    Namespaces in Imports field not imported from:
     ‘raster’ ‘sp’
     All declared Imports should be used.
Flavors: r-devel-linux-x86_64-fedora-clang, r-devel-linux-x86_64-fedora-gcc, r-release-macos-arm64, r-release-macos-x86_64, r-oldrel-macos-arm64, r-oldrel-macos-x86_64