Last updated on 2022-06-28 07:51:59 CEST.
Flavor | Version | Tinstall | Tcheck | Ttotal | Status | Flags |
---|---|---|---|---|---|---|
r-devel-linux-x86_64-debian-clang | 0.1.11 | 7.72 | 69.76 | 77.48 | OK | |
r-devel-linux-x86_64-debian-gcc | 0.1.11 | 6.06 | 52.25 | 58.31 | OK | |
r-devel-linux-x86_64-fedora-clang | 0.1.11 | 100.18 | NOTE | |||
r-devel-linux-x86_64-fedora-gcc | 0.1.11 | 104.32 | NOTE | |||
r-devel-windows-x86_64 | 0.1.11 | 26.00 | 110.00 | 136.00 | OK | |
r-patched-linux-x86_64 | 0.1.11 | 7.05 | 64.23 | 71.28 | OK | |
r-release-linux-x86_64 | 0.1.11 | 6.95 | 65.68 | 72.63 | OK | |
r-release-macos-arm64 | 0.1.11 | 33.00 | NOTE | |||
r-release-macos-x86_64 | 0.1.11 | 54.00 | NOTE | |||
r-release-windows-x86_64 | 0.1.11 | 19.00 | 110.00 | 129.00 | OK | |
r-oldrel-macos-arm64 | 0.1.11 | 41.00 | NOTE | |||
r-oldrel-macos-x86_64 | 0.1.11 | 54.00 | NOTE | |||
r-oldrel-windows-ix86+x86_64 | 0.1.11 | 20.00 | 93.00 | 113.00 | OK |
Version: 0.1.11
Check: dependencies in R code
Result: NOTE
Namespace in Imports field not imported from: ‘ca’
All declared Imports should be used.
Flavors: r-devel-linux-x86_64-fedora-clang, r-devel-linux-x86_64-fedora-gcc, r-release-macos-arm64, r-release-macos-x86_64, r-oldrel-macos-arm64, r-oldrel-macos-x86_64