CRAN Package Check Results for Package insane

Last updated on 2022-05-25 21:53:01 CEST.

Flavor Version Tinstall Tcheck Ttotal Status Flags
r-devel-linux-x86_64-debian-clang 0.1.0 8.02 89.18 97.20 NOTE
r-devel-linux-x86_64-debian-gcc 0.1.0 5.67 67.00 72.67 NOTE
r-devel-linux-x86_64-fedora-clang 0.1.0 112.01 NOTE
r-devel-linux-x86_64-fedora-gcc 0.1.0 111.22 NOTE
r-devel-windows-x86_64 0.1.0 21.00 110.00 131.00 NOTE
r-patched-linux-x86_64 0.1.0 7.60 84.97 92.57 NOTE
r-release-linux-x86_64 0.1.0 NOTE
r-release-macos-arm64 0.1.0 34.00 NOTE
r-release-macos-x86_64 0.1.0 60.00 NOTE
r-release-windows-x86_64 0.1.0 30.00 108.00 138.00 NOTE
r-oldrel-macos-arm64 0.1.0 44.00 NOTE
r-oldrel-macos-x86_64 0.1.0 68.00 NOTE
r-oldrel-windows-ix86+x86_64 0.1.0 23.00 102.00 125.00 NOTE

Check Details

Version: 0.1.0
Check: LazyData
Result: NOTE
     'LazyData' is specified without a 'data' directory
Flavors: r-devel-linux-x86_64-debian-clang, r-devel-linux-x86_64-debian-gcc, r-devel-linux-x86_64-fedora-clang, r-devel-linux-x86_64-fedora-gcc, r-devel-windows-x86_64, r-patched-linux-x86_64, r-release-linux-x86_64, r-release-macos-arm64, r-release-macos-x86_64, r-release-windows-x86_64, r-oldrel-macos-arm64, r-oldrel-macos-x86_64, r-oldrel-windows-ix86+x86_64