Last updated on 2023-05-30 14:56:48 CEST.
Flavor | Version | Tinstall | Tcheck | Ttotal | Status | Flags |
---|---|---|---|---|---|---|
r-devel-linux-x86_64-debian-clang | 0.23.4 | 5.98 | 61.04 | 67.02 | OK | |
r-devel-linux-x86_64-debian-gcc | 0.23.4 | 5.39 | 46.89 | 52.28 | OK | |
r-devel-linux-x86_64-fedora-clang | 0.23.4 | 84.49 | OK | |||
r-devel-linux-x86_64-fedora-gcc | 0.23.4 | 90.53 | NOTE | |||
r-devel-windows-x86_64 | 0.23.4 | 8.00 | 82.00 | 90.00 | OK | |
r-patched-linux-x86_64 | 0.23.4 | 7.08 | 59.77 | 66.85 | OK | |
r-release-linux-x86_64 | 0.23.4 | 5.79 | 58.29 | 64.08 | OK | |
r-release-macos-arm64 | 0.23.4 | 34.00 | OK | |||
r-release-macos-x86_64 | 0.23.4 | 48.00 | OK | |||
r-release-windows-x86_64 | 0.23.4 | 9.00 | 93.00 | 102.00 | OK | |
r-oldrel-macos-arm64 | 0.23.4 | 30.00 | OK | |||
r-oldrel-macos-x86_64 | 0.23.4 | 49.00 | OK | |||
r-oldrel-windows-x86_64 | 0.23.4 | 9.00 | 78.00 | 87.00 | OK |
Version: 0.23.4
Check: for non-standard things in the check directory
Result: NOTE
Found the following files/directories:
‘pkgbuild’
Flavor: r-devel-linux-x86_64-fedora-gcc