Last updated on 2022-05-17 19:04:46 CEST.
Flavor | Version | Tinstall | Tcheck | Ttotal | Status | Flags |
---|---|---|---|---|---|---|
r-devel-linux-x86_64-debian-clang | 1.2.6 | 97.48 | 188.66 | 286.14 | OK | |
r-devel-linux-x86_64-debian-gcc | 1.2.6 | 79.20 | 137.59 | 216.79 | OK | |
r-devel-linux-x86_64-fedora-clang | 1.2.6 | 362.85 | OK | |||
r-devel-linux-x86_64-fedora-gcc | 1.2.6 | 341.11 | OK | |||
r-devel-windows-x86_64 | 1.2.6 | 90.00 | 196.00 | 286.00 | OK | |
r-patched-linux-x86_64 | 1.2.6 | 77.52 | 174.70 | 252.22 | OK | |
r-release-linux-x86_64 | 1.2.6 | 82.76 | 174.01 | 256.77 | OK | |
r-release-macos-arm64 | 1.2.6 | 80.00 | OK | |||
r-release-macos-x86_64 | 1.2.6 | 7.00 | ERROR | |||
r-release-windows-x86_64 | 1.2.6 | 91.00 | 202.00 | 293.00 | OK | |
r-oldrel-macos-arm64 | 1.2.6 | 92.00 | OK | |||
r-oldrel-macos-x86_64 | 1.2.6 | 150.00 | OK | |||
r-oldrel-windows-ix86+x86_64 | 1.2.6 | 211.00 | 247.00 | 458.00 | OK |
Version: 1.2.6
Check: package dependencies
Result: ERROR
Package required but not available: ‘pcse’
See section ‘The DESCRIPTION file’ in the ‘Writing R Extensions’
manual.
Flavor: r-release-macos-x86_64