Last updated on 2022-05-25 00:54:54 CEST.
Flavor | Version | Tinstall | Tcheck | Ttotal | Status | Flags |
---|---|---|---|---|---|---|
r-devel-linux-x86_64-debian-clang | 1.0.1 | 75.76 | 414.89 | 490.65 | OK | |
r-devel-linux-x86_64-debian-gcc | 1.0.1 | 68.16 | 320.55 | 388.71 | OK | |
r-devel-linux-x86_64-fedora-clang | 1.0.1 | 610.82 | OK | |||
r-devel-linux-x86_64-fedora-gcc | 1.0.1 | 600.57 | OK | |||
r-devel-windows-x86_64 | 1.0.1 | 99.00 | 448.00 | 547.00 | OK | |
r-patched-linux-x86_64 | 1.0.1 | 70.23 | 408.64 | 478.87 | OK | |
r-release-linux-x86_64 | 1.0.1 | OK | ||||
r-release-macos-arm64 | 1.0.1 | 152.00 | OK | |||
r-release-macos-x86_64 | 1.0.1 | 255.00 | OK | |||
r-release-windows-x86_64 | 1.0.1 | 110.00 | 441.00 | 551.00 | OK | |
r-oldrel-macos-arm64 | 1.0.1 | 143.00 | NOTE | |||
r-oldrel-macos-x86_64 | 1.0.1 | 303.00 | OK | |||
r-oldrel-windows-ix86+x86_64 | 1.0.1 | 187.00 | 550.00 | 737.00 | OK |
Version: 1.0.1
Check: installed package size
Result: NOTE
installed size is 5.2Mb
sub-directories of 1Mb or more:
libs 4.4Mb
Flavor: r-oldrel-macos-arm64