Last updated on 2022-05-23 09:51:12 CEST.
Flavor | Version | Tinstall | Tcheck | Ttotal | Status | Flags |
---|---|---|---|---|---|---|
r-devel-linux-x86_64-debian-clang | 1.4.2 | 4.34 | 61.24 | 65.58 | OK | |
r-devel-linux-x86_64-debian-gcc | 1.4.2 | 3.36 | 46.70 | 50.06 | OK | |
r-devel-linux-x86_64-fedora-clang | 1.4.2 | 81.96 | NOTE | |||
r-devel-linux-x86_64-fedora-gcc | 1.4.2 | 80.43 | OK | |||
r-devel-windows-x86_64 | 1.4.2 | 24.00 | 123.00 | 147.00 | OK | |
r-patched-linux-x86_64 | 1.4.2 | 4.83 | 58.19 | 63.02 | OK | |
r-release-linux-x86_64 | 1.4.2 | OK | ||||
r-release-macos-arm64 | 1.4.2 | 27.00 | OK | |||
r-release-macos-x86_64 | 1.4.2 | 37.00 | OK | |||
r-release-windows-x86_64 | 1.4.2 | 26.00 | 120.00 | 146.00 | OK | |
r-oldrel-macos-arm64 | 1.4.2 | 27.00 | OK | |||
r-oldrel-macos-x86_64 | 1.4.2 | 35.00 | OK | |||
r-oldrel-windows-ix86+x86_64 | 1.4.2 | 8.00 | 97.00 | 105.00 | OK |
Version: 1.4.2
Check: Rd cross-references
Result: NOTE
Undeclared packages ‘nlstools’, ‘lme4’ in Rd xrefs
Flavor: r-devel-linux-x86_64-fedora-clang