CRAN Package Check Results for Package ipaddress

Last updated on 2023-05-30 17:00:08 CEST.

Flavor Version Tinstall Tcheck Ttotal Status Flags
r-devel-linux-x86_64-debian-clang 1.0.1 156.24 70.65 226.89 OK
r-devel-linux-x86_64-debian-gcc 1.0.1 128.90 54.14 183.04 OK
r-devel-linux-x86_64-fedora-clang 1.0.1 342.39 OK
r-devel-linux-x86_64-fedora-gcc 1.0.1 369.03 OK
r-devel-windows-x86_64 1.0.1 133.00 100.00 233.00 OK
r-patched-linux-x86_64 1.0.1 137.07 68.16 205.23 OK
r-release-linux-x86_64 1.0.1 132.56 67.89 200.45 OK
r-release-macos-arm64 1.0.1 89.00 WARN
r-release-macos-x86_64 1.0.1 108.00 WARN
r-release-windows-x86_64 1.0.1 165.00 128.00 293.00 OK
r-oldrel-macos-arm64 1.0.1 86.00 NOTE
r-oldrel-macos-x86_64 1.0.1 106.00 NOTE
r-oldrel-windows-x86_64 1.0.1 156.00 124.00 280.00 OK

Check Details

Version: 1.0.1
Check: whether package can be installed
Result: WARN
    Found the following significant warnings:
     /Volumes/Builds/packages/big-sur-arm64/Rlib/4.3/AsioHeaders/include/asio/associated_allocator.hpp:100:49: warning: 'allocator<void>' is deprecated [-Wdeprecated-declarations]
     /Volumes/Builds/packages/big-sur-arm64/Rlib/4.3/AsioHeaders/include/asio/execution/any_executor.hpp:611:47: warning: 'allocator<void>' is deprecated [-Wdeprecated-declarations]
     /Volumes/Builds/packages/big-sur-arm64/Rlib/4.3/AsioHeaders/include/asio/io_context.hpp:231:36: warning: 'allocator<void>' is deprecated [-Wdeprecated-declarations]
     /Volumes/Builds/packages/big-sur-arm64/Rlib/4.3/AsioHeaders/include/asio/io_context.hpp:856:43: warning: 'allocator<void>' is deprecated [-Wdeprecated-declarations]
     /Volumes/Builds/packages/big-sur-arm64/Rlib/4.3/AsioHeaders/include/asio/io_context.hpp:859:37: warning: 'allocator<void>' is deprecated [-Wdeprecated-declarations]
     /Volumes/Builds/packages/big-sur-arm64/Rlib/4.3/AsioHeaders/include/asio/io_context.hpp:860:29: warning: 'allocator<void>' is deprecated [-Wdeprecated-declarations]
     /Volumes/Builds/packages/big-sur-arm64/Rlib/4.3/AsioHeaders/include/asio/system_executor.hpp:171:54: warning: 'allocator<void>' is deprecated [-Wdeprecated-declarations]
     /Volumes/Builds/packages/big-sur-arm64/Rlib/4.3/AsioHeaders/include/asio/system_executor.hpp:175:28: warning: 'allocator<void>' is deprecated [-Wdeprecated-declarations]
     /Volumes/Builds/packages/big-sur-arm64/Rlib/4.3/AsioHeaders/include/asio/system_executor.hpp:444:45: warning: 'allocator<void>' is deprecated [-Wdeprecated-declarations]
     /Volumes/Builds/packages/big-sur-arm64/Rlib/4.3/AsioHeaders/include/asio/system_context.hpp:39:12: warning: 'allocator<void>' is deprecated [-Wdeprecated-declarations]
     /Volumes/Builds/packages/big-sur-arm64/Rlib/4.3/AsioHeaders/include/asio/detail/recycling_allocator.hpp:97:30: warning: 'allocator<void>' is deprecated [-Wdeprecated-declarations]
    See ‘/Volumes/Builds/packages/big-sur-arm64/results/4.3/ipaddress.Rcheck/00install.out’ for details.
    * used C++ compiler: ‘Apple clang version 13.0.0 (clang-1300.0.29.30)’
    * used SDK: ‘MacOSX11.3.sdk’
Flavor: r-release-macos-arm64

Version: 1.0.1
Check: installed package size
Result: NOTE
     installed size is 7.4Mb
     sub-directories of 1Mb or more:
     libs 7.0Mb
Flavors: r-release-macos-arm64, r-release-macos-x86_64, r-oldrel-macos-arm64, r-oldrel-macos-x86_64

Version: 1.0.1
Check: whether package can be installed
Result: WARN
    Found the following significant warnings:
     /Volumes/Builds/packages/big-sur-x86_64/Rlib/4.3/AsioHeaders/include/asio/associated_allocator.hpp:100:49: warning: 'allocator<void>' is deprecated [-Wdeprecated-declarations]
     /Volumes/Builds/packages/big-sur-x86_64/Rlib/4.3/AsioHeaders/include/asio/execution/any_executor.hpp:611:47: warning: 'allocator<void>' is deprecated [-Wdeprecated-declarations]
     /Volumes/Builds/packages/big-sur-x86_64/Rlib/4.3/AsioHeaders/include/asio/io_context.hpp:231:36: warning: 'allocator<void>' is deprecated [-Wdeprecated-declarations]
     /Volumes/Builds/packages/big-sur-x86_64/Rlib/4.3/AsioHeaders/include/asio/io_context.hpp:856:43: warning: 'allocator<void>' is deprecated [-Wdeprecated-declarations]
     /Volumes/Builds/packages/big-sur-x86_64/Rlib/4.3/AsioHeaders/include/asio/io_context.hpp:859:37: warning: 'allocator<void>' is deprecated [-Wdeprecated-declarations]
     /Volumes/Builds/packages/big-sur-x86_64/Rlib/4.3/AsioHeaders/include/asio/io_context.hpp:860:29: warning: 'allocator<void>' is deprecated [-Wdeprecated-declarations]
     /Volumes/Builds/packages/big-sur-x86_64/Rlib/4.3/AsioHeaders/include/asio/system_executor.hpp:171:54: warning: 'allocator<void>' is deprecated [-Wdeprecated-declarations]
     /Volumes/Builds/packages/big-sur-x86_64/Rlib/4.3/AsioHeaders/include/asio/system_executor.hpp:175:28: warning: 'allocator<void>' is deprecated [-Wdeprecated-declarations]
     /Volumes/Builds/packages/big-sur-x86_64/Rlib/4.3/AsioHeaders/include/asio/system_executor.hpp:444:45: warning: 'allocator<void>' is deprecated [-Wdeprecated-declarations]
     /Volumes/Builds/packages/big-sur-x86_64/Rlib/4.3/AsioHeaders/include/asio/system_context.hpp:39:12: warning: 'allocator<void>' is deprecated [-Wdeprecated-declarations]
     /Volumes/Builds/packages/big-sur-x86_64/Rlib/4.3/AsioHeaders/include/asio/detail/recycling_allocator.hpp:97:30: warning: 'allocator<void>' is deprecated [-Wdeprecated-declarations]
    See ‘/Volumes/Builds/packages/big-sur-x86_64/results/4.3/ipaddress.Rcheck/00install.out’ for details.
    * used C++ compiler: ‘Apple clang version 14.0.3 (clang-1403.0.22.14.1)’
    * used SDK: ‘MacOSX11.3.sdk’
Flavor: r-release-macos-x86_64