Last updated on 2022-05-18 03:53:40 CEST.
Flavor | Version | Tinstall | Tcheck | Ttotal | Status | Flags |
---|---|---|---|---|---|---|
r-devel-linux-x86_64-debian-clang | 0.2-9 | 34.78 | 406.06 | 440.84 | NOTE | |
r-devel-linux-x86_64-debian-gcc | 0.2-9 | 25.36 | 300.58 | 325.94 | NOTE | |
r-devel-linux-x86_64-fedora-clang | 0.2-9 | 515.93 | NOTE | |||
r-devel-linux-x86_64-fedora-gcc | 0.2-9 | 554.73 | NOTE | |||
r-devel-windows-x86_64 | 0.2-9 | 30.00 | 400.00 | 430.00 | NOTE | |
r-patched-linux-x86_64 | 0.2-9 | 31.86 | 398.73 | 430.59 | NOTE | |
r-release-linux-x86_64 | 0.2-9 | 32.46 | 392.70 | 425.16 | NOTE | |
r-release-macos-arm64 | 0.2-9 | 120.00 | NOTE | |||
r-release-macos-x86_64 | 0.2-9 | 175.00 | NOTE | |||
r-release-windows-x86_64 | 0.2-9 | 32.00 | 402.00 | 434.00 | NOTE | |
r-oldrel-macos-arm64 | 0.2-9 | 90.00 | NOTE | |||
r-oldrel-macos-x86_64 | 0.2-9 | 174.00 | NOTE | |||
r-oldrel-windows-ix86+x86_64 | 0.2-9 | 75.00 | 414.00 | 489.00 | NOTE |
Version: 0.2-9
Check: package dependencies
Result: NOTE
Package suggested but not available for checking: 'geoR'
Flavors: r-devel-linux-x86_64-debian-clang, r-devel-linux-x86_64-debian-gcc, r-devel-linux-x86_64-fedora-clang, r-devel-linux-x86_64-fedora-gcc, r-patched-linux-x86_64, r-release-linux-x86_64
Version: 0.2-9
Check: LazyData
Result: NOTE
'LazyData' is specified without a 'data' directory
Flavors: r-devel-linux-x86_64-debian-clang, r-devel-linux-x86_64-debian-gcc, r-devel-linux-x86_64-fedora-clang, r-devel-linux-x86_64-fedora-gcc, r-devel-windows-x86_64, r-patched-linux-x86_64, r-release-linux-x86_64, r-release-macos-arm64, r-release-macos-x86_64, r-release-windows-x86_64, r-oldrel-macos-arm64, r-oldrel-macos-x86_64, r-oldrel-windows-ix86+x86_64