CRAN Package Check Results for Package ipmr

Last updated on 2022-05-22 15:53:21 CEST.

Flavor Version Tinstall Tcheck Ttotal Status Flags
r-devel-linux-x86_64-debian-clang 0.0.5 41.35 309.79 351.14 OK
r-devel-linux-x86_64-debian-gcc 0.0.5 35.81 218.25 254.06 OK
r-devel-linux-x86_64-fedora-clang 0.0.5 421.05 NOTE
r-devel-linux-x86_64-fedora-gcc 0.0.5 408.64 OK
r-devel-windows-x86_64 0.0.5 85.00 270.00 355.00 OK
r-patched-linux-x86_64 0.0.5 39.92 292.55 332.47 OK
r-release-linux-x86_64 0.0.5 39.45 294.82 334.27 OK
r-release-macos-arm64 0.0.5 92.00 OK
r-release-macos-x86_64 0.0.5 115.00 OK
r-release-windows-x86_64 0.0.5 87.00 280.00 367.00 OK
r-oldrel-macos-arm64 0.0.5 86.00 OK
r-oldrel-macos-x86_64 0.0.5 144.00 OK
r-oldrel-windows-ix86+x86_64 0.0.5 99.00 432.00 531.00 OK

Check Details

Version: 0.0.5
Check: Rd cross-references
Result: NOTE
    Undeclared package ‘Rpadrino’ in Rd xrefs
Flavor: r-devel-linux-x86_64-fedora-clang