Last updated on 2022-05-20 15:52:09 CEST.
Flavor | Version | Tinstall | Tcheck | Ttotal | Status | Flags |
---|---|---|---|---|---|---|
r-devel-linux-x86_64-debian-clang | 0.7.3 | 76.53 | 113.42 | 189.95 | OK | |
r-devel-linux-x86_64-debian-gcc | 0.7.3 | 63.94 | 86.32 | 150.26 | OK | |
r-devel-linux-x86_64-fedora-clang | 0.7.3 | 252.27 | NOTE | |||
r-devel-linux-x86_64-fedora-gcc | 0.7.3 | 230.74 | OK | |||
r-devel-windows-x86_64 | 0.7.3 | 89.00 | 154.00 | 243.00 | OK | |
r-patched-linux-x86_64 | 0.7.3 | 68.13 | 108.20 | 176.33 | OK | |
r-release-linux-x86_64 | 0.7.3 | 65.54 | 106.89 | 172.43 | OK | |
r-release-macos-arm64 | 0.7.3 | 60.00 | NOTE | |||
r-release-macos-x86_64 | 0.7.3 | 103.00 | NOTE | |||
r-release-windows-x86_64 | 0.7.3 | 85.00 | 159.00 | 244.00 | OK | |
r-oldrel-macos-arm64 | 0.7.3 | 69.00 | NOTE | |||
r-oldrel-macos-x86_64 | 0.7.3 | 96.00 | NOTE | |||
r-oldrel-windows-ix86+x86_64 | 0.7.3 | 182.00 | 179.00 | 361.00 | OK |
Version: 0.7.3
Check: installed package size
Result: NOTE
installed size is 8.0Mb
sub-directories of 1Mb or more:
libs 6.7Mb
Flavors: r-devel-linux-x86_64-fedora-clang, r-release-macos-arm64, r-release-macos-x86_64, r-oldrel-macos-arm64, r-oldrel-macos-x86_64