CRAN Package Check Results for Package ips

Last updated on 2022-05-19 05:51:56 CEST.

Flavor Version Tinstall Tcheck Ttotal Status Flags
r-devel-linux-x86_64-debian-clang 0.0.11 12.59 122.25 134.84 OK
r-devel-linux-x86_64-debian-gcc 0.0.11 10.91 92.00 102.91 OK
r-devel-linux-x86_64-fedora-clang 0.0.11 154.91 NOTE
r-devel-linux-x86_64-fedora-gcc 0.0.11 155.33 NOTE
r-devel-windows-x86_64 0.0.11 32.00 139.00 171.00 OK
r-patched-linux-x86_64 0.0.11 18.48 117.21 135.69 OK
r-release-linux-x86_64 0.0.11 11.71 115.13 126.84 OK
r-release-macos-arm64 0.0.11 41.00 NOTE
r-release-macos-x86_64 0.0.11 63.00 NOTE
r-release-windows-x86_64 0.0.11 38.00 140.00 178.00 OK
r-oldrel-macos-arm64 0.0.11 48.00 NOTE
r-oldrel-macos-x86_64 0.0.11 84.00 NOTE
r-oldrel-windows-ix86+x86_64 0.0.11 27.00 123.00 150.00 OK

Check Details

Version: 0.0.11
Check: dependencies in R code
Result: NOTE
    Namespace in Imports field not imported from: ‘seqinr’
     All declared Imports should be used.
Flavors: r-devel-linux-x86_64-fedora-clang, r-devel-linux-x86_64-fedora-gcc, r-release-macos-arm64, r-release-macos-x86_64, r-oldrel-macos-arm64, r-oldrel-macos-x86_64