CRAN Package Check Results for Package irace

Last updated on 2022-05-16 19:50:06 CEST.

Flavor Version Tinstall Tcheck Ttotal Status Flags
r-devel-linux-x86_64-debian-clang 3.4.1 10.65 101.96 112.61 NOTE
r-devel-linux-x86_64-debian-gcc 3.4.1 8.47 77.25 85.72 NOTE
r-devel-linux-x86_64-fedora-clang 3.4.1 141.07 NOTE
r-devel-linux-x86_64-fedora-gcc 3.4.1 142.58 NOTE
r-devel-windows-x86_64 3.4.1 88.00 172.00 260.00 NOTE
r-patched-linux-x86_64 3.4.1 9.20 99.30 108.50 NOTE
r-release-linux-x86_64 3.4.1 11.12 99.07 110.19 NOTE
r-release-macos-arm64 3.4.1 44.00 NOTE
r-release-macos-x86_64 3.4.1 54.00 NOTE
r-release-windows-x86_64 3.4.1 139.00 171.00 310.00 NOTE
r-oldrel-macos-arm64 3.4.1 61.00 NOTE
r-oldrel-macos-x86_64 3.4.1 92.00 NOTE
r-oldrel-windows-ix86+x86_64 3.4.1 20.00 123.00 143.00 NOTE

Check Details

Version: 3.4.1
Check: LazyData
Result: NOTE
     'LazyData' is specified without a 'data' directory
Flavors: r-devel-linux-x86_64-debian-clang, r-devel-linux-x86_64-debian-gcc, r-devel-linux-x86_64-fedora-clang, r-devel-linux-x86_64-fedora-gcc, r-devel-windows-x86_64, r-patched-linux-x86_64, r-release-linux-x86_64, r-release-macos-arm64, r-release-macos-x86_64, r-release-windows-x86_64, r-oldrel-macos-arm64, r-oldrel-macos-x86_64, r-oldrel-windows-ix86+x86_64

Version: 3.4.1
Check: package dependencies
Result: NOTE
    Package suggested but not available for checking: ‘Rmpi’
Flavors: r-release-macos-arm64, r-release-macos-x86_64, r-oldrel-macos-arm64, r-oldrel-macos-x86_64