Last updated on 2022-05-23 18:50:33 CEST.
Flavor | Version | Tinstall | Tcheck | Ttotal | Status | Flags |
---|---|---|---|---|---|---|
r-devel-linux-x86_64-debian-clang | 0.2.5 | 162.61 | 181.11 | 343.72 | WARN | |
r-devel-linux-x86_64-debian-gcc | 0.2.5 | 148.48 | 132.22 | 280.70 | OK | |
r-devel-linux-x86_64-fedora-clang | 0.2.5 | 479.33 | WARN | |||
r-devel-linux-x86_64-fedora-gcc | 0.2.5 | 447.45 | OK | |||
r-devel-windows-x86_64 | 0.2.5 | 176.00 | 237.00 | 413.00 | OK | |
r-patched-linux-x86_64 | 0.2.5 | 162.28 | 170.80 | 333.08 | OK | |
r-release-linux-x86_64 | 0.2.5 | OK | ||||
r-release-macos-arm64 | 0.2.5 | 101.00 | NOTE | |||
r-release-macos-x86_64 | 0.2.5 | 146.00 | NOTE | |||
r-release-windows-x86_64 | 0.2.5 | 186.00 | 242.00 | 428.00 | OK | |
r-oldrel-macos-arm64 | 0.2.5 | 117.00 | NOTE | |||
r-oldrel-macos-x86_64 | 0.2.5 | 177.00 | NOTE | |||
r-oldrel-windows-ix86+x86_64 | 0.2.5 | 397.00 | 304.00 | 701.00 | OK |
Version: 0.2.5
Check: whether package can be installed
Result: WARN
Found the following significant warnings:
item_analysis.cpp:75:7: warning: use of bitwise '|' with boolean operands [-Wbitwise-instead-of-logical]
Flavors: r-devel-linux-x86_64-debian-clang, r-devel-linux-x86_64-fedora-clang
Version: 0.2.5
Check: installed package size
Result: NOTE
installed size is 7.8Mb
sub-directories of 1Mb or more:
libs 6.4Mb
Flavors: r-devel-linux-x86_64-fedora-clang, r-release-macos-arm64, r-release-macos-x86_64, r-oldrel-macos-arm64, r-oldrel-macos-x86_64