CRAN Package Check Results for Package irtGUI

Last updated on 2022-05-16 22:52:14 CEST.

Flavor Version Tinstall Tcheck Ttotal Status Flags
r-devel-linux-x86_64-debian-clang 0.2 12.32 107.51 119.83 NOTE
r-devel-linux-x86_64-debian-gcc 0.2 9.47 81.88 91.35 NOTE
r-devel-linux-x86_64-fedora-clang 0.2 140.93 NOTE
r-devel-linux-x86_64-fedora-gcc 0.2 140.03 NOTE
r-devel-windows-x86_64 0.2 14.00 117.00 131.00 NOTE
r-patched-linux-x86_64 0.2 10.57 102.74 113.31 NOTE
r-release-linux-x86_64 0.2 10.24 100.64 110.88 NOTE
r-release-macos-arm64 0.2 38.00 NOTE
r-release-macos-x86_64 0.2 79.00 NOTE
r-release-windows-x86_64 0.2 17.00 121.00 138.00 NOTE
r-oldrel-macos-arm64 0.2 57.00 NOTE
r-oldrel-macos-x86_64 0.2 79.00 NOTE
r-oldrel-windows-ix86+x86_64 0.2 30.00 116.00 146.00 NOTE

Check Details

Version: 0.2
Check: LazyData
Result: NOTE
     'LazyData' is specified without a 'data' directory
Flavors: r-devel-linux-x86_64-debian-clang, r-devel-linux-x86_64-debian-gcc, r-devel-linux-x86_64-fedora-clang, r-devel-linux-x86_64-fedora-gcc, r-devel-windows-x86_64, r-patched-linux-x86_64, r-release-linux-x86_64, r-release-macos-arm64, r-release-macos-x86_64, r-release-windows-x86_64, r-oldrel-macos-arm64, r-oldrel-macos-x86_64, r-oldrel-windows-ix86+x86_64