CRAN Package Check Results for Package its.analysis

Last updated on 2022-05-18 06:50:44 CEST.

Flavor Version Tinstall Tcheck Ttotal Status Flags
r-devel-linux-x86_64-debian-clang 1.6.0 7.70 92.64 100.34 NOTE
r-devel-linux-x86_64-debian-gcc 1.6.0 6.05 67.46 73.51 NOTE
r-devel-linux-x86_64-fedora-clang 1.6.0 118.56 NOTE
r-devel-linux-x86_64-fedora-gcc 1.6.0 115.40 NOTE
r-devel-windows-x86_64 1.6.0 15.00 101.00 116.00 NOTE
r-patched-linux-x86_64 1.6.0 5.58 83.94 89.52 NOTE
r-release-linux-x86_64 1.6.0 6.89 84.01 90.90 NOTE
r-release-macos-arm64 1.6.0 32.00 NOTE
r-release-macos-x86_64 1.6.0 55.00 NOTE
r-release-windows-x86_64 1.6.0 17.00 107.00 124.00 NOTE
r-oldrel-macos-arm64 1.6.0 39.00 NOTE
r-oldrel-macos-x86_64 1.6.0 63.00 NOTE
r-oldrel-windows-ix86+x86_64 1.6.0 22.00 103.00 125.00 NOTE

Check Details

Version: 1.6.0
Check: LazyData
Result: NOTE
     'LazyData' is specified without a 'data' directory
Flavors: r-devel-linux-x86_64-debian-clang, r-devel-linux-x86_64-debian-gcc, r-devel-linux-x86_64-fedora-clang, r-devel-linux-x86_64-fedora-gcc, r-devel-windows-x86_64, r-patched-linux-x86_64, r-release-linux-x86_64, r-release-macos-arm64, r-release-macos-x86_64, r-release-windows-x86_64, r-oldrel-macos-arm64, r-oldrel-macos-x86_64, r-oldrel-windows-ix86+x86_64