Last updated on 2023-01-28 19:52:18 CET.
Flavor | Version | Tinstall | Tcheck | Ttotal | Status | Flags |
---|---|---|---|---|---|---|
r-devel-linux-x86_64-debian-clang | 1.0.1 | 41.55 | 121.40 | 162.95 | OK | |
r-devel-linux-x86_64-debian-gcc | 1.0.1 | 34.99 | 88.18 | 123.17 | OK | |
r-devel-linux-x86_64-fedora-clang | 1.0.1 | 207.98 | NOTE | |||
r-devel-linux-x86_64-fedora-gcc | 1.0.1 | 203.50 | NOTE | |||
r-devel-windows-x86_64 | 1.0.1 | 54.00 | 168.00 | 222.00 | OK | |
r-patched-linux-x86_64 | 1.0.1 | 37.40 | 114.29 | 151.69 | OK | |
r-release-linux-x86_64 | 1.0.1 | 33.68 | 116.21 | 149.89 | OK | |
r-release-macos-arm64 | 1.0.1 | 56.00 | NOTE | |||
r-release-macos-x86_64 | 1.0.1 | 96.00 | NOTE | |||
r-release-windows-x86_64 | 1.0.1 | 60.00 | 177.00 | 237.00 | OK | |
r-oldrel-macos-arm64 | 1.0.1 | 47.00 | NOTE | |||
r-oldrel-macos-x86_64 | 1.0.1 | 75.00 | NOTE | |||
r-oldrel-windows-ix86+x86_64 | 1.0.1 | 97.00 | 209.00 | 306.00 | OK |
Version: 1.0.1
Check: data for non-ASCII characters
Result: NOTE
Note: found 58 marked UTF-8 strings
Flavors: r-devel-linux-x86_64-fedora-clang, r-devel-linux-x86_64-fedora-gcc, r-release-macos-arm64, r-release-macos-x86_64, r-oldrel-macos-arm64, r-oldrel-macos-x86_64