Last updated on 2022-05-18 17:49:58 CEST.
Flavor | Version | Tinstall | Tcheck | Ttotal | Status | Flags |
---|---|---|---|---|---|---|
r-devel-linux-x86_64-debian-clang | 0.1.0 | 3.10 | 50.07 | 53.17 | NOTE | |
r-devel-linux-x86_64-debian-gcc | 0.1.0 | 2.34 | 38.58 | 40.92 | NOTE | |
r-devel-linux-x86_64-fedora-clang | 0.1.0 | 64.17 | NOTE | |||
r-devel-linux-x86_64-fedora-gcc | 0.1.0 | 63.19 | NOTE | |||
r-devel-windows-x86_64 | 0.1.0 | 11.00 | 69.00 | 80.00 | NOTE | |
r-patched-linux-x86_64 | 0.1.0 | 3.19 | 48.05 | 51.24 | NOTE | |
r-release-linux-x86_64 | 0.1.0 | 3.34 | 47.74 | 51.08 | NOTE | |
r-release-macos-arm64 | 0.1.0 | 21.00 | NOTE | |||
r-release-macos-x86_64 | 0.1.0 | 36.00 | NOTE | |||
r-release-windows-x86_64 | 0.1.0 | 10.00 | 62.00 | 72.00 | NOTE | |
r-oldrel-macos-arm64 | 0.1.0 | 28.00 | NOTE | |||
r-oldrel-macos-x86_64 | 0.1.0 | 34.00 | NOTE | |||
r-oldrel-windows-ix86+x86_64 | 0.1.0 | 8.00 | 64.00 | 72.00 | NOTE |
Version: 0.1.0
Check: package dependencies
Result: NOTE
Package suggested but not available for checking: 'locClass'
Flavors: r-devel-linux-x86_64-debian-clang, r-devel-linux-x86_64-debian-gcc, r-devel-linux-x86_64-fedora-clang, r-devel-linux-x86_64-fedora-gcc, r-devel-windows-x86_64, r-patched-linux-x86_64, r-release-linux-x86_64, r-release-macos-arm64, r-release-macos-x86_64, r-release-windows-x86_64, r-oldrel-macos-arm64, r-oldrel-macos-x86_64, r-oldrel-windows-ix86+x86_64