CRAN Package Check Results for Package ivsacim

Last updated on 2022-01-22 19:50:23 CET.

Flavor Version Tinstall Tcheck Ttotal Status Flags
r-devel-linux-x86_64-debian-clang 2.0.0 36.58 39.18 75.76 OK
r-devel-linux-x86_64-debian-gcc 2.0.0 25.13 30.39 55.52 OK
r-devel-linux-x86_64-fedora-clang 2.0.0 110.35 OK
r-devel-linux-x86_64-fedora-gcc 2.0.0 91.48 OK
r-devel-windows-x86_64-new-UL 2.0.0 44.00 81.00 125.00 OK
r-devel-windows-x86_64-new-TK 2.0.0 OK
r-patched-linux-x86_64 2.0.0 32.48 37.66 70.14 OK
r-release-linux-x86_64 2.0.0 36.30 37.99 74.29 OK
r-release-macos-arm64 2.0.0 OK
r-release-macos-x86_64 2.0.0 OK
r-release-windows-ix86+x86_64 2.0.0 97.00 81.00 178.00 OK
r-oldrel-macos-x86_64 1.1 NOTE
r-oldrel-windows-ix86+x86_64 2.0.0 98.00 78.00 176.00 OK

Check Details

Version: 1.1
Check: dependencies in R code
Result: NOTE
    Namespace in Imports field not imported from: ‘timereg’
     All declared Imports should be used.
Flavor: r-oldrel-macos-x86_64