CRAN Package Check Results for Package jmotif

Last updated on 2022-05-18 07:49:00 CEST.

Flavor Version Tinstall Tcheck Ttotal Status Flags
r-devel-linux-x86_64-debian-clang 1.1.1 247.39 45.87 293.26 OK
r-devel-linux-x86_64-debian-gcc 1.1.1 200.12 35.72 235.84 OK
r-devel-linux-x86_64-fedora-clang 1.1.1 471.56 NOTE
r-devel-linux-x86_64-fedora-gcc 1.1.1 414.51 OK
r-devel-windows-x86_64 1.1.1 253.00 89.00 342.00 OK
r-patched-linux-x86_64 1.1.1 226.75 44.95 271.70 OK
r-release-linux-x86_64 1.1.1 220.59 44.95 265.54 OK
r-release-macos-arm64 1.1.1 86.00 NOTE
r-release-macos-x86_64 1.1.1 120.00 NOTE
r-release-windows-x86_64 1.1.1 214.00 93.00 307.00 OK
r-oldrel-macos-arm64 1.1.1 88.00 NOTE
r-oldrel-macos-x86_64 1.1.1 188.00 NOTE
r-oldrel-windows-ix86+x86_64 1.1.1 656.00 97.00 753.00 OK

Check Details

Version: 1.1.1
Check: installed package size
Result: NOTE
     installed size is 6.1Mb
     sub-directories of 1Mb or more:
     data 1.1Mb
     libs 4.9Mb
Flavors: r-devel-linux-x86_64-fedora-clang, r-release-macos-arm64, r-release-macos-x86_64, r-oldrel-macos-arm64, r-oldrel-macos-x86_64