Last updated on 2022-05-18 13:53:32 CEST.
Flavor | Version | Tinstall | Tcheck | Ttotal | Status | Flags |
---|---|---|---|---|---|---|
r-devel-linux-x86_64-debian-clang | 2.3.4 | 96.98 | 230.66 | 327.64 | OK | |
r-devel-linux-x86_64-debian-gcc | 2.3.4 | 87.66 | 108.68 | 196.34 | OK | |
r-devel-linux-x86_64-fedora-clang | 2.3.4 | 316.08 | NOTE | |||
r-devel-linux-x86_64-fedora-gcc | 2.3.4 | 315.60 | NOTE | |||
r-devel-windows-x86_64 | 2.3.4 | 103.00 | 165.00 | 268.00 | NOTE | |
r-patched-linux-x86_64 | 2.3.4 | 92.23 | 135.32 | 227.55 | OK | |
r-release-linux-x86_64 | 2.3.4 | 86.34 | 137.62 | 223.96 | OK | |
r-release-macos-arm64 | 2.3.4 | 83.00 | NOTE | |||
r-release-macos-x86_64 | 2.3.4 | 133.00 | NOTE | |||
r-release-windows-x86_64 | 2.3.4 | 110.00 | 160.00 | 270.00 | NOTE | |
r-oldrel-macos-arm64 | 2.3.4 | 55.00 | NOTE | |||
r-oldrel-macos-x86_64 | 2.3.4 | 97.00 | NOTE | |||
r-oldrel-windows-ix86+x86_64 | 2.3.4 | 155.00 | 180.00 | 335.00 | NOTE |
Version: 2.3.4
Check: package dependencies
Result: NOTE
Imports includes 23 non-default packages.
Importing from so many packages makes the package vulnerable to any of
them becoming unavailable. Move as many as possible to Suggests and
use conditionally.
Flavor: r-devel-linux-x86_64-fedora-clang
Version: 2.3.4
Check: installed package size
Result: NOTE
installed size is 8.0Mb
sub-directories of 1Mb or more:
R 3.8Mb
i18n 4.0Mb
Flavors: r-devel-linux-x86_64-fedora-clang, r-devel-windows-x86_64, r-release-macos-arm64, r-release-macos-x86_64, r-release-windows-x86_64, r-oldrel-macos-arm64, r-oldrel-macos-x86_64, r-oldrel-windows-ix86+x86_64
Version: 2.3.4
Check: dependencies in R code
Result: NOTE
Namespaces in Imports field not imported from:
‘BayesFactor’ ‘GGally’ ‘GPArotation’ ‘MASS’ ‘PMCMR’ ‘R6’ ‘ROCR’
‘afex’ ‘car’ ‘dplyr’ ‘emmeans’ ‘ggrepel’ ‘ggridges’ ‘lavaan’
‘multcomp’ ‘mvnormtest’ ‘nnet’ ‘psych’ ‘vcd’ ‘vcdExtra’
All declared Imports should be used.
Flavors: r-devel-linux-x86_64-fedora-clang, r-devel-linux-x86_64-fedora-gcc, r-release-macos-arm64, r-release-macos-x86_64, r-oldrel-macos-arm64, r-oldrel-macos-x86_64