CRAN Package Check Results for Package joineRML

Last updated on 2021-12-04 14:52:04 CET.

Flavor Version Tinstall Tcheck Ttotal Status Flags
r-devel-linux-x86_64-debian-clang 0.4.5 106.57 491.34 597.91 OK
r-devel-linux-x86_64-debian-gcc 0.4.5 82.59 361.81 444.40 OK
r-devel-linux-x86_64-fedora-clang 0.4.5 812.62 NOTE
r-devel-linux-x86_64-fedora-gcc 0.4.5 773.97 OK
r-devel-windows-x86_64-new-UL 0.4.5 147.00 723.00 870.00 OK
r-devel-windows-x86_64-new-TK 0.4.5 OK
r-devel-windows-x86_64-old 0.4.5 151.00 549.00 700.00 OK
r-patched-linux-x86_64 0.4.5 100.11 471.57 571.68 OK
r-release-linux-x86_64 0.4.5 97.99 476.63 574.62 OK
r-release-macos-arm64 0.4.5 NOTE
r-release-macos-x86_64 0.4.5 NOTE
r-release-windows-ix86+x86_64 0.4.5 282.00 957.00 1239.00 OK
r-oldrel-macos-x86_64 0.4.5 NOTE
r-oldrel-windows-ix86+x86_64 0.4.5 284.00 939.00 1223.00 OK

Check Details

Version: 0.4.5
Check: installed package size
Result: NOTE
     installed size is 6.6Mb
     sub-directories of 1Mb or more:
     data 1.3Mb
     libs 4.0Mb
Flavors: r-devel-linux-x86_64-fedora-clang, r-release-macos-arm64, r-release-macos-x86_64, r-oldrel-macos-x86_64