CRAN Package Check Results for Package jointMeanCov

Last updated on 2022-05-19 12:55:31 CEST.

Flavor Version Tinstall Tcheck Ttotal Status Flags
r-devel-linux-x86_64-debian-clang 0.1.0 2.25 34.37 36.62 NOTE
r-devel-linux-x86_64-debian-gcc 0.1.0 1.64 26.89 28.53 NOTE
r-devel-linux-x86_64-fedora-clang 0.1.0 44.86 NOTE
r-devel-linux-x86_64-fedora-gcc 0.1.0 43.11 NOTE
r-devel-windows-x86_64 0.1.0 32.00 54.00 86.00 NOTE
r-patched-linux-x86_64 0.1.0 2.38 33.74 36.12 NOTE
r-release-linux-x86_64 0.1.0 2.14 33.11 35.25 NOTE
r-release-macos-arm64 0.1.0 15.00 NOTE
r-release-macos-x86_64 0.1.0 22.00 NOTE
r-release-windows-x86_64 0.1.0 32.00 51.00 83.00 NOTE
r-oldrel-macos-arm64 0.1.0 17.00 NOTE
r-oldrel-macos-x86_64 0.1.0 28.00 NOTE
r-oldrel-windows-ix86+x86_64 0.1.0 6.00 45.00 51.00 NOTE

Check Details

Version: 0.1.0
Check: LazyData
Result: NOTE
     'LazyData' is specified without a 'data' directory
Flavors: r-devel-linux-x86_64-debian-clang, r-devel-linux-x86_64-debian-gcc, r-devel-linux-x86_64-fedora-clang, r-devel-linux-x86_64-fedora-gcc, r-devel-windows-x86_64, r-patched-linux-x86_64, r-release-linux-x86_64, r-release-macos-arm64, r-release-macos-x86_64, r-release-windows-x86_64, r-oldrel-macos-arm64, r-oldrel-macos-x86_64, r-oldrel-windows-ix86+x86_64