Last updated on 2022-05-23 17:52:57 CEST.
Flavor | Version | Tinstall | Tcheck | Ttotal | Status | Flags |
---|---|---|---|---|---|---|
r-devel-linux-x86_64-debian-clang | 0.1.7 | 37.16 | 63.72 | 100.88 | NOTE | |
r-devel-linux-x86_64-debian-gcc | 0.1.7 | 27.15 | 47.52 | 74.67 | NOTE | |
r-devel-linux-x86_64-fedora-clang | 0.1.7 | 131.31 | NOTE | |||
r-devel-linux-x86_64-fedora-gcc | 0.1.7 | 117.18 | NOTE | |||
r-devel-windows-x86_64 | 0.1.7 | 41.00 | 106.00 | 147.00 | NOTE | |
r-patched-linux-x86_64 | 0.1.7 | 30.17 | 60.33 | 90.50 | NOTE | |
r-release-linux-x86_64 | 0.1.7 | NOTE | ||||
r-release-macos-arm64 | 0.1.7 | 33.00 | NOTE | |||
r-release-macos-x86_64 | 0.1.7 | 46.00 | NOTE | |||
r-release-windows-x86_64 | 0.1.7 | 40.00 | 109.00 | 149.00 | NOTE | |
r-oldrel-macos-arm64 | 0.1.7 | 40.00 | NOTE | |||
r-oldrel-macos-x86_64 | 0.1.7 | 64.00 | NOTE | |||
r-oldrel-windows-ix86+x86_64 | 0.1.7 | 86.00 | 142.00 | 228.00 | NOTE |
Version: 0.1.7
Check: LazyData
Result: NOTE
'LazyData' is specified without a 'data' directory
Flavors: r-devel-linux-x86_64-debian-clang, r-devel-linux-x86_64-debian-gcc, r-devel-linux-x86_64-fedora-clang, r-devel-linux-x86_64-fedora-gcc, r-devel-windows-x86_64, r-patched-linux-x86_64, r-release-linux-x86_64, r-release-macos-arm64, r-release-macos-x86_64, r-release-windows-x86_64, r-oldrel-macos-arm64, r-oldrel-macos-x86_64, r-oldrel-windows-ix86+x86_64