Last updated on 2022-05-17 16:54:30 CEST.
Flavor | Version | Tinstall | Tcheck | Ttotal | Status | Flags |
---|---|---|---|---|---|---|
r-devel-linux-x86_64-debian-clang | 0.1.2 | 115.33 | 151.03 | 266.36 | OK | |
r-devel-linux-x86_64-debian-gcc | 0.1.2 | 110.06 | 120.78 | 230.84 | OK | |
r-devel-linux-x86_64-fedora-clang | 0.1.2 | 356.92 | NOTE | |||
r-devel-linux-x86_64-fedora-gcc | 0.1.2 | 353.67 | NOTE | |||
r-devel-windows-x86_64 | 0.1.2 | 105.00 | 205.00 | 310.00 | OK | |
r-patched-linux-x86_64 | 0.1.2 | 111.56 | 145.71 | 257.27 | OK | |
r-release-linux-x86_64 | 0.1.2 | 103.54 | 150.05 | 253.59 | OK | |
r-release-macos-arm64 | 0.1.2 | 106.00 | NOTE | |||
r-release-macos-x86_64 | 0.1.2 | 125.00 | NOTE | |||
r-release-windows-x86_64 | 0.1.2 | 107.00 | 208.00 | 315.00 | OK | |
r-oldrel-macos-arm64 | 0.1.2 | 122.00 | NOTE | |||
r-oldrel-macos-x86_64 | 0.1.2 | 120.00 | NOTE | |||
r-oldrel-windows-ix86+x86_64 | 0.1.2 | 269.00 | 242.00 | 511.00 | OK |
Version: 0.1.2
Check: installed package size
Result: NOTE
installed size is 13.0Mb
sub-directories of 1Mb or more:
libs 12.5Mb
Flavors: r-devel-linux-x86_64-fedora-clang, r-release-macos-arm64, r-release-macos-x86_64, r-oldrel-macos-arm64, r-oldrel-macos-x86_64
Version: 0.1.2
Check: dependencies in R code
Result: NOTE
Namespace in Imports field not imported from: ‘RcppProgress’
All declared Imports should be used.
Flavors: r-devel-linux-x86_64-fedora-clang, r-devel-linux-x86_64-fedora-gcc, r-release-macos-arm64, r-release-macos-x86_64, r-oldrel-macos-arm64, r-oldrel-macos-x86_64