Last updated on 2023-02-08 16:52:12 CET.
Flavor | Version | Tinstall | Tcheck | Ttotal | Status | Flags |
---|---|---|---|---|---|---|
r-devel-linux-x86_64-debian-clang | 1.0.0 | 64.14 | 33.79 | 97.93 | NOTE | |
r-devel-linux-x86_64-debian-gcc | 1.0.0 | 40.47 | 26.15 | 66.62 | NOTE | |
r-devel-linux-x86_64-fedora-clang | 1.0.0 | 126.29 | NOTE | |||
r-devel-linux-x86_64-fedora-gcc | 1.0.0 | 125.39 | NOTE | |||
r-devel-windows-x86_64 | 1.0.0 | 50.00 | 82.00 | 132.00 | NOTE | |
r-patched-linux-x86_64 | 1.0.0 | 45.47 | 32.62 | 78.09 | OK | |
r-release-linux-x86_64 | 1.0.0 | 42.14 | 33.37 | 75.51 | OK | |
r-release-macos-arm64 | 1.0.0 | 44.00 | OK | |||
r-release-macos-x86_64 | 1.0.0 | 46.00 | OK | |||
r-release-windows-x86_64 | 1.0.0 | 52.00 | 91.00 | 143.00 | OK | |
r-oldrel-macos-arm64 | 1.0.0 | 44.00 | OK | |||
r-oldrel-macos-x86_64 | 1.0.0 | 81.00 | OK | |||
r-oldrel-windows-ix86+x86_64 | 1.0.0 | 107.00 | 89.00 | 196.00 | OK |
Version: 1.0.0
Check: C++ specification
Result: NOTE
Specified C++11: please update to current default of C++17
Flavors: r-devel-linux-x86_64-debian-clang, r-devel-windows-x86_64
Version: 1.0.0
Check: C++ specification
Result: NOTE
Specified C++11: please drop specification unless essential
Flavors: r-devel-linux-x86_64-debian-gcc, r-devel-linux-x86_64-fedora-clang, r-devel-linux-x86_64-fedora-gcc