Last updated on 2022-05-24 07:52:23 CEST.
Flavor | Version | Tinstall | Tcheck | Ttotal | Status | Flags |
---|---|---|---|---|---|---|
r-devel-linux-x86_64-debian-clang | 0.2.0 | 2.44 | 41.32 | 43.76 | NOTE | |
r-devel-linux-x86_64-debian-gcc | 0.2.0 | 1.85 | 31.69 | 33.54 | NOTE | |
r-devel-linux-x86_64-fedora-clang | 0.2.0 | 45.81 | NOTE | |||
r-devel-linux-x86_64-fedora-gcc | 0.2.0 | 44.17 | NOTE | |||
r-devel-windows-x86_64 | 0.2.0 | 10.00 | 136.00 | 146.00 | NOTE | |
r-patched-linux-x86_64 | 0.2.0 | 2.71 | 39.76 | 42.47 | NOTE | |
r-release-linux-x86_64 | 0.2.0 | NOTE | ||||
r-release-macos-arm64 | 0.2.0 | 120.00 | NOTE | |||
r-release-macos-x86_64 | 0.2.0 | 140.00 | NOTE | |||
r-release-windows-x86_64 | 0.2.0 | 9.00 | 133.00 | 142.00 | NOTE | |
r-oldrel-macos-arm64 | 0.2.0 | 120.00 | NOTE | |||
r-oldrel-macos-x86_64 | 0.2.0 | 1803.00 | NOTE | |||
r-oldrel-windows-ix86+x86_64 | 0.2.0 | 5.00 | 142.00 | 147.00 | NOTE |
Version: 0.2.0
Check: LazyData
Result: NOTE
'LazyData' is specified without a 'data' directory
Flavors: r-devel-linux-x86_64-debian-clang, r-devel-linux-x86_64-debian-gcc, r-devel-linux-x86_64-fedora-clang, r-devel-linux-x86_64-fedora-gcc, r-devel-windows-x86_64, r-patched-linux-x86_64, r-release-linux-x86_64, r-release-macos-arm64, r-release-macos-x86_64, r-release-windows-x86_64, r-oldrel-macos-arm64, r-oldrel-macos-x86_64, r-oldrel-windows-ix86+x86_64