Last updated on 2022-05-17 08:52:21 CEST.
Flavor | Version | Tinstall | Tcheck | Ttotal | Status | Flags |
---|---|---|---|---|---|---|
r-devel-linux-x86_64-debian-clang | 1.1.0 | 5.43 | 40.16 | 45.59 | NOTE | |
r-devel-linux-x86_64-debian-gcc | 1.1.0 | 2.99 | 31.13 | 34.12 | NOTE | |
r-devel-linux-x86_64-fedora-clang | 1.1.0 | 54.19 | NOTE | |||
r-devel-linux-x86_64-fedora-gcc | 1.1.0 | 51.70 | NOTE | |||
r-devel-windows-x86_64 | 1.1.0 | 44.00 | 71.00 | 115.00 | NOTE | |
r-patched-linux-x86_64 | 1.1.0 | 3.45 | 37.94 | 41.39 | NOTE | |
r-release-linux-x86_64 | 1.1.0 | 5.04 | 38.09 | 43.13 | NOTE | |
r-release-macos-arm64 | 1.1.0 | 25.00 | NOTE | |||
r-release-macos-x86_64 | 1.1.0 | 34.00 | NOTE | |||
r-release-windows-x86_64 | 1.1.0 | 33.00 | 72.00 | 105.00 | NOTE | |
r-oldrel-macos-arm64 | 1.1.0 | 30.00 | NOTE | |||
r-oldrel-macos-x86_64 | 1.1.0 | 38.00 | NOTE | |||
r-oldrel-windows-ix86+x86_64 | 1.1.0 | 9.00 | 56.00 | 65.00 | NOTE |
Version: 1.1.0
Check: LazyData
Result: NOTE
'LazyData' is specified without a 'data' directory
Flavors: r-devel-linux-x86_64-debian-clang, r-devel-linux-x86_64-debian-gcc, r-devel-linux-x86_64-fedora-clang, r-devel-linux-x86_64-fedora-gcc, r-devel-windows-x86_64, r-patched-linux-x86_64, r-release-linux-x86_64, r-release-macos-arm64, r-release-macos-x86_64, r-release-windows-x86_64, r-oldrel-macos-arm64, r-oldrel-macos-x86_64, r-oldrel-windows-ix86+x86_64
Version: 1.1.0
Check: for non-standard things in the check directory
Result: NOTE
Found the following files/directories:
'Killed after '
Flavors: r-devel-linux-x86_64-debian-clang, r-devel-linux-x86_64-debian-gcc, r-devel-linux-x86_64-fedora-clang, r-devel-linux-x86_64-fedora-gcc, r-patched-linux-x86_64, r-release-linux-x86_64