CRAN Package Check Results for Package l0ara

Last updated on 2022-05-19 13:51:46 CEST.

Flavor Version Tinstall Tcheck Ttotal Status Flags
r-devel-linux-x86_64-debian-clang 0.1.6 36.17 39.64 75.81 NOTE
r-devel-linux-x86_64-debian-gcc 0.1.6 26.11 29.98 56.09 NOTE
r-devel-linux-x86_64-fedora-clang 0.1.6 100.32 NOTE
r-devel-linux-x86_64-fedora-gcc 0.1.6 92.34 NOTE
r-devel-windows-x86_64 0.1.6 35.00 73.00 108.00 NOTE
r-patched-linux-x86_64 0.1.6 28.44 37.72 66.16 NOTE
r-release-linux-x86_64 0.1.6 32.97 37.25 70.22 NOTE
r-release-macos-arm64 0.1.6 28.00 NOTE
r-release-macos-x86_64 0.1.6 36.00 NOTE
r-release-windows-x86_64 0.1.6 37.00 77.00 114.00 NOTE
r-oldrel-macos-arm64 0.1.6 29.00 NOTE
r-oldrel-macos-x86_64 0.1.6 51.00 NOTE
r-oldrel-windows-ix86+x86_64 0.1.6 85.00 74.00 159.00 NOTE

Check Details

Version: 0.1.6
Check: LazyData
Result: NOTE
     'LazyData' is specified without a 'data' directory
Flavors: r-devel-linux-x86_64-debian-clang, r-devel-linux-x86_64-debian-gcc, r-devel-linux-x86_64-fedora-clang, r-devel-linux-x86_64-fedora-gcc, r-devel-windows-x86_64, r-patched-linux-x86_64, r-release-linux-x86_64, r-release-macos-arm64, r-release-macos-x86_64, r-release-windows-x86_64, r-oldrel-macos-arm64, r-oldrel-macos-x86_64, r-oldrel-windows-ix86+x86_64