CRAN Package Check Results for Package lagged

Last updated on 2022-06-27 09:50:17 CEST.

Flavor Version Tinstall Tcheck Ttotal Status Flags
r-devel-linux-x86_64-debian-clang 0.3-1 8.33 48.35 56.68 NOTE
r-devel-linux-x86_64-debian-gcc 0.3-1 5.57 37.00 42.57 NOTE
r-devel-linux-x86_64-fedora-clang 0.3-1 78.05 NOTE
r-devel-linux-x86_64-fedora-gcc 0.3-1 77.56 NOTE
r-devel-windows-x86_64 0.3-1 32.00 85.00 117.00 NOTE
r-patched-linux-x86_64 0.3-1 6.75 45.97 52.72 OK
r-release-linux-x86_64 0.3-1 5.98 46.35 52.33 OK
r-release-macos-arm64 0.3-1 24.00 OK
r-release-macos-x86_64 0.3-1 33.00 OK
r-release-windows-x86_64 0.3-1 28.00 82.00 110.00 OK
r-oldrel-macos-arm64 0.3-1 24.00 OK
r-oldrel-macos-x86_64 0.3-1 35.00 OK
r-oldrel-windows-ix86+x86_64 0.3-1 13.00 73.00 86.00 OK

Check Details

Version: 0.3-1
Check: Rd files
Result: NOTE
    checkRd: (-1) fill.slMatrix-methods.Rd:70: Escaped LaTeX specials: \&
Flavors: r-devel-linux-x86_64-debian-clang, r-devel-linux-x86_64-debian-gcc, r-devel-linux-x86_64-fedora-clang, r-devel-linux-x86_64-fedora-gcc, r-devel-windows-x86_64