CRAN Package Check Results for Package languageserver

Last updated on 2022-05-19 02:49:14 CEST.

Flavor Version Tinstall Tcheck Ttotal Status Flags
r-devel-linux-x86_64-debian-clang 0.3.12 25.98 55.49 81.47 OK
r-devel-linux-x86_64-debian-gcc 0.3.12 18.40 42.50 60.90 OK
r-devel-linux-x86_64-fedora-clang 0.3.12 94.76 NOTE
r-devel-linux-x86_64-fedora-gcc 0.3.12 91.36 NOTE
r-devel-windows-x86_64 0.3.12 163.00 71.00 234.00 OK
r-patched-linux-x86_64 0.3.12 18.42 53.98 72.40 OK
r-release-linux-x86_64 0.3.12 16.70 54.54 71.24 OK
r-release-macos-arm64 0.3.12 28.00 NOTE
r-release-macos-x86_64 0.3.12 53.00 NOTE
r-release-windows-x86_64 0.3.12 187.00 71.00 258.00 OK
r-oldrel-macos-arm64 0.3.12 31.00 NOTE
r-oldrel-macos-x86_64 0.3.12 39.00 NOTE
r-oldrel-windows-ix86+x86_64 0.3.12 41.00 76.00 117.00 OK

Check Details

Version: 0.3.12
Check: dependencies in R code
Result: NOTE
    Namespaces in Imports field not imported from:
     ‘callr’ ‘parallel’
     All declared Imports should be used.
Flavors: r-devel-linux-x86_64-fedora-clang, r-devel-linux-x86_64-fedora-gcc, r-release-macos-arm64, r-release-macos-x86_64, r-oldrel-macos-arm64, r-oldrel-macos-x86_64