CRAN Package Check Results for Package lassoshooting

Last updated on 2022-05-21 19:51:45 CEST.

Flavor Version Tinstall Tcheck Ttotal Status Flags
r-devel-linux-x86_64-debian-clang 0.1.5-1.1 3.44 29.58 33.02 OK
r-devel-linux-x86_64-debian-gcc 0.1.5-1.1 2.44 22.51 24.95 OK
r-devel-linux-x86_64-fedora-clang 0.1.5-1.1 39.38 NOTE
r-devel-linux-x86_64-fedora-gcc 0.1.5-1.1 38.21 NOTE
r-devel-windows-x86_64 0.1.5-1.1 21.00 46.00 67.00 OK
r-patched-linux-x86_64 0.1.5-1.1 2.94 27.84 30.78 OK
r-release-linux-x86_64 0.1.5-1.1 2.22 28.44 30.66 OK
r-release-macos-arm64 0.1.5-1.1 15.00 OK
r-release-macos-x86_64 0.1.5-1.1 21.00 OK
r-release-windows-x86_64 0.1.5-1.1 8.00 44.00 52.00 OK
r-oldrel-macos-arm64 0.1.5-1.1 14.00 OK
r-oldrel-macos-x86_64 0.1.5-1.1 22.00 OK
r-oldrel-windows-ix86+x86_64 0.1.5-1.1 8.00 39.00 47.00 OK

Check Details

Version: 0.1.5-1.1
Check: compiled code
Result: NOTE
    File ‘lassoshooting/libs/lassoshooting.so’:
     Found no calls to: ‘R_registerRoutines’, ‘R_useDynamicSymbols’
    
    It is good practice to register native routines and to disable symbol
    search.
    
    See ‘Writing portable packages’ in the ‘Writing R Extensions’ manual.
Flavors: r-devel-linux-x86_64-fedora-clang, r-devel-linux-x86_64-fedora-gcc