CRAN Package Check Results for Package latrend

Last updated on 2022-05-21 10:50:17 CEST.

Flavor Version Tinstall Tcheck Ttotal Status Flags
r-devel-linux-x86_64-debian-clang 1.2.1 21.21 651.21 672.42 ERROR
r-devel-linux-x86_64-debian-gcc 1.2.1 17.18 421.31 438.49 ERROR
r-devel-linux-x86_64-fedora-clang 1.2.1 734.60 ERROR
r-devel-linux-x86_64-fedora-gcc 1.2.1 705.96 ERROR
r-devel-windows-x86_64 1.2.1 137.00 687.00 824.00 OK
r-patched-linux-x86_64 1.2.1 24.63 523.31 547.94 ERROR
r-release-linux-x86_64 1.2.1 16.00 539.32 555.32 ERROR
r-release-macos-arm64 1.2.1 477.00 NOTE
r-release-macos-x86_64 1.2.1 427.00 NOTE
r-release-windows-x86_64 1.2.1 126.00 673.00 799.00 OK
r-oldrel-macos-arm64 1.2.1 332.00 NOTE
r-oldrel-macos-x86_64 1.2.1 489.00 NOTE
r-oldrel-windows-ix86+x86_64 1.2.1 38.00 661.00 699.00 OK

Additional issues

noSuggests

Check Details

Version: 1.2.1
Check: package dependencies
Result: NOTE
    Package suggested but not available for checking: 'longclust'
Flavors: r-devel-linux-x86_64-debian-clang, r-devel-linux-x86_64-debian-gcc, r-devel-linux-x86_64-fedora-clang, r-devel-linux-x86_64-fedora-gcc, r-patched-linux-x86_64, r-release-linux-x86_64

Version: 1.2.1
Check: Rd cross-references
Result: NOTE
    Unknown package 'longclust' in Rd xrefs
Flavors: r-devel-linux-x86_64-debian-clang, r-devel-linux-x86_64-debian-gcc, r-devel-linux-x86_64-fedora-clang, r-devel-linux-x86_64-fedora-gcc, r-patched-linux-x86_64, r-release-linux-x86_64

Version: 1.2.1
Check: examples
Result: ERROR
    Running examples in 'latrend-Ex.R' failed
    The error most likely occurred in:
    
    > base::assign(".ptime", proc.time(), pos = "CheckExEnv")
    > ### Name: lcMethodLongclust
    > ### Title: Specify Longclust method
    > ### Aliases: lcMethodLongclust
    >
    > ### ** Examples
    >
    > library(longclust)
    Error in library(longclust) : there is no package called 'longclust'
    Execution halted
Flavors: r-devel-linux-x86_64-debian-clang, r-devel-linux-x86_64-debian-gcc, r-patched-linux-x86_64, r-release-linux-x86_64

Version: 1.2.1
Check: examples
Result: ERROR
    Running examples in ‘latrend-Ex.R’ failed
    The error most likely occurred in:
    
    > ### Name: lcMethodLongclust
    > ### Title: Specify Longclust method
    > ### Aliases: lcMethodLongclust
    >
    > ### ** Examples
    >
    > library(longclust)
    Error in library(longclust) : there is no package called ‘longclust’
    Execution halted
Flavors: r-devel-linux-x86_64-fedora-clang, r-devel-linux-x86_64-fedora-gcc

Version: 1.2.1
Check: package dependencies
Result: NOTE
    Package suggested but not available for checking: ‘mixAK’
Flavors: r-release-macos-arm64, r-release-macos-x86_64, r-oldrel-macos-x86_64

Version: 1.2.1
Check: Rd cross-references
Result: NOTE
    Package unavailable to check Rd xrefs: ‘mixAK’
Flavors: r-release-macos-arm64, r-release-macos-x86_64, r-oldrel-macos-arm64, r-oldrel-macos-x86_64

Version: 1.2.1
Check: package dependencies
Result: NOTE
    Packages suggested but not available for checking: 'igraph', 'mixAK'
Flavor: r-oldrel-macos-arm64