CRAN Package Check Results for Package lattice

Last updated on 2022-01-23 08:45:25 CET.

Flavor Version Tinstall Tcheck Ttotal Status Flags
r-devel-linux-x86_64-debian-clang 0.20-45 13.04 157.73 170.77 OK
r-devel-linux-x86_64-debian-gcc 0.20-45 13.52 129.18 142.70 OK
r-devel-linux-x86_64-fedora-clang 0.20-45 220.38 NOTE
r-devel-linux-x86_64-fedora-gcc 0.20-45 198.52 OK
r-devel-windows-x86_64-new-UL 0.20-45 151.00 179.00 330.00 OK
r-devel-windows-x86_64-new-TK 0.20-45 OK
r-patched-linux-x86_64 0.20-45 22.78 148.09 170.87 OK
r-release-linux-x86_64 0.20-45 13.17 148.22 161.39 OK
r-release-macos-arm64 0.20-45 OK
r-release-macos-x86_64 0.20-45 OK
r-release-windows-ix86+x86_64 0.20-45 32.00 219.00 251.00 OK
r-oldrel-macos-x86_64 0.20-45 OK
r-oldrel-windows-ix86+x86_64 0.20-45 33.00 221.00 254.00 OK

Check Details

Version: 0.20-45
Check: Rd cross-references
Result: NOTE
    Undeclared package ‘zoo’ in Rd xrefs
Flavor: r-devel-linux-x86_64-fedora-clang