CRAN Package Check Results for Package lava

Last updated on 2022-01-27 01:50:36 CET.

Flavor Version Tinstall Tcheck Ttotal Status Flags
r-devel-linux-x86_64-debian-clang 1.6.10 39.12 424.14 463.26 NOTE
r-devel-linux-x86_64-debian-gcc 1.6.10 33.24 307.85 341.09 NOTE
r-devel-linux-x86_64-fedora-clang 1.6.10 590.63 NOTE
r-devel-linux-x86_64-fedora-gcc 1.6.10 570.94 NOTE
r-devel-windows-x86_64-new-UL 1.6.10 208.00 487.00 695.00 NOTE
r-devel-windows-x86_64-new-TK 1.6.10 NOTE
r-patched-linux-x86_64 1.6.10 41.33 389.96 431.29 NOTE
r-release-linux-x86_64 1.6.10 35.12 390.83 425.95 NOTE
r-release-macos-arm64 1.6.10 NOTE
r-release-macos-x86_64 1.6.10 NOTE
r-release-windows-ix86+x86_64 1.6.10 69.00 444.00 513.00 OK
r-oldrel-macos-x86_64 1.6.10 OK
r-oldrel-windows-ix86+x86_64 1.6.10 67.00 437.00 504.00 OK

Check Details

Version: 1.6.10
Check: package dependencies
Result: NOTE
    Packages suggested but not available for checking: 'gof', 'lava.tobit'
Flavors: r-devel-linux-x86_64-debian-clang, r-devel-linux-x86_64-debian-gcc, r-devel-linux-x86_64-fedora-clang, r-devel-linux-x86_64-fedora-gcc, r-devel-windows-x86_64-new-UL, r-patched-linux-x86_64, r-release-linux-x86_64, r-release-macos-arm64, r-release-macos-x86_64

Version: 1.6.10
Check: package dependencies
Result: NOTE
    Packages suggested but not available for checking:
     'gof', 'lava.tobit', 'lme4'
Flavor: r-devel-windows-x86_64-new-TK

Version: 1.6.10
Check: installed package size
Result: NOTE
     installed size is 5.1Mb
     sub-directories of 1Mb or more:
     R 2.1Mb
     doc 2.1Mb
Flavor: r-release-macos-arm64