Last updated on 2022-05-28 04:54:55 CEST.
Flavor | Version | Tinstall | Tcheck | Ttotal | Status | Flags |
---|---|---|---|---|---|---|
r-devel-linux-x86_64-debian-clang | 3.4 | 6.70 | 62.67 | 69.37 | OK | |
r-devel-linux-x86_64-debian-gcc | 3.4 | 5.64 | 47.77 | 53.41 | OK | |
r-devel-linux-x86_64-fedora-clang | 3.4 | 82.34 | NOTE | |||
r-devel-linux-x86_64-fedora-gcc | 3.4 | 81.10 | OK | |||
r-devel-windows-x86_64 | 3.4 | 18.00 | 79.00 | 97.00 | OK | |
r-patched-linux-x86_64 | 3.4 | 6.60 | 59.47 | 66.07 | OK | |
r-release-linux-x86_64 | 3.4 | 4.34 | 62.01 | 66.35 | OK | |
r-release-macos-arm64 | 3.4 | 24.00 | OK | |||
r-release-macos-x86_64 | 3.4 | 37.00 | OK | |||
r-release-windows-x86_64 | 3.4 | 24.00 | 77.00 | 101.00 | OK | |
r-oldrel-macos-arm64 | 3.4 | 30.00 | OK | |||
r-oldrel-macos-x86_64 | 3.4 | 48.00 | OK | |||
r-oldrel-windows-ix86+x86_64 | 3.4 | 12.00 | 76.00 | 88.00 | OK |
Version: 3.4
Check: Rd cross-references
Result: NOTE
Undeclared packages ‘VGAM’, ‘tseries’ in Rd xrefs
Flavor: r-devel-linux-x86_64-fedora-clang